Last updated on 2021-01-28 06:50:04 CET.
Flavor | Version | Tinstall | Tcheck | Ttotal | Status | Flags |
---|---|---|---|---|---|---|
r-devel-linux-x86_64-debian-clang | 1.1.9 | 6.58 | 67.66 | 74.24 | OK | |
r-devel-linux-x86_64-debian-gcc | 1.1.9 | 6.14 | 50.41 | 56.55 | OK | |
r-devel-linux-x86_64-fedora-clang | 1.1.9 | 103.82 | NOTE | |||
r-devel-linux-x86_64-fedora-gcc | 1.1.9 | 90.72 | NOTE | |||
r-devel-windows-ix86+x86_64 | 1.1.9 | 22.00 | 97.00 | 119.00 | OK | |
r-patched-linux-x86_64 | 1.1.9 | 6.69 | 62.73 | 69.42 | OK | |
r-patched-solaris-x86 | 1.1.9 | 125.50 | NOTE | |||
r-release-linux-x86_64 | 1.1.9 | 7.49 | 63.16 | 70.65 | OK | |
r-release-macos-x86_64 | 1.1.9 | NOTE | ||||
r-release-windows-ix86+x86_64 | 1.1.9 | 19.00 | 87.00 | 106.00 | OK | |
r-oldrel-macos-x86_64 | 1.1.9 | NOTE | ||||
r-oldrel-windows-ix86+x86_64 | 1.1.9 | 17.00 | 108.00 | 125.00 | OK |
Version: 1.1.9
Check: package dependencies
Result: NOTE
Imports includes 24 non-default packages.
Importing from so many packages makes the package vulnerable to any of
them becoming unavailable. Move as many as possible to Suggests and
use conditionally.
Flavor: r-devel-linux-x86_64-fedora-clang
Version: 1.1.9
Check: dependencies in R code
Result: NOTE
Namespaces in Imports field not imported from:
‘ROCR’ ‘colourpicker’ ‘corrplot’ ‘e1071’ ‘flexdashboard’ ‘gbm’
‘glmnet’ ‘kknn’ ‘neuralnet’ ‘rattle’ ‘rpart’ ‘shinyWidgets’
‘shinydashboardPlus’ ‘shinyjs’ ‘xgboost’ ‘zip’
All declared Imports should be used.
Flavors: r-devel-linux-x86_64-fedora-clang, r-devel-linux-x86_64-fedora-gcc, r-patched-solaris-x86, r-release-macos-x86_64, r-oldrel-macos-x86_64