CRAN Package Check Results for Package rentrez

Last updated on 2020-10-01 06:47:18 CEST.

Flavor Version Tinstall Tcheck Ttotal Status Flags
r-devel-linux-x86_64-debian-clang 1.2.2 3.84 43.78 47.62 OK
r-devel-linux-x86_64-debian-gcc 1.2.2 0.36 2.39 2.75 ERROR
r-devel-linux-x86_64-fedora-clang 1.2.2 64.95 OK
r-devel-linux-x86_64-fedora-gcc 1.2.2 56.70 OK
r-devel-windows-ix86+x86_64 1.2.2 8.00 43.00 51.00 OK --no-vignettes
r-patched-linux-x86_64 1.2.2 3.88 34.73 38.61 WARN
r-patched-solaris-x86 1.2.2 83.00 OK
r-release-linux-x86_64 1.2.2 3.24 42.62 45.86 OK
r-release-macos-x86_64 1.2.2 OK
r-release-windows-ix86+x86_64 1.2.2 8.00 51.00 59.00 OK --no-vignettes
r-oldrel-macos-x86_64 1.2.2 OK
r-oldrel-windows-ix86+x86_64 1.2.2 6.00 54.00 60.00 OK --no-vignettes

Check Details

Version: 1.2.2
Check: whether package can be installed
Result: ERROR
    Installation failed.
Flavor: r-devel-linux-x86_64-debian-gcc

Version: 1.2.2
Check: re-building of vignette outputs
Result: WARN
    Error(s) in re-building vignettes:
     ...
    --- re-building ‘rentrez_tutorial.Rmd’ using rmarkdown
    Quitting from lines 155-158 (rentrez_tutorial.Rmd)
    Error: processing vignette 'rentrez_tutorial.Rmd' failed with diagnostics:
    subscript out of bounds
    --- failed re-building ‘rentrez_tutorial.Rmd’
    
    SUMMARY: processing the following file failed:
     ‘rentrez_tutorial.Rmd’
    
    Error: Vignette re-building failed.
    Execution halted
Flavor: r-patched-linux-x86_64