CRAN Package Check Results for Package repmis

Last updated on 2022-07-06 06:52:59 CEST.

Flavor Version Tinstall Tcheck Ttotal Status Flags
r-devel-linux-x86_64-debian-clang 0.5 4.14 48.96 53.10 NOTE
r-devel-linux-x86_64-debian-gcc 0.5 2.70 36.61 39.31 NOTE
r-devel-linux-x86_64-fedora-clang 0.5 71.63 NOTE
r-devel-linux-x86_64-fedora-gcc 0.5 70.88 NOTE
r-devel-windows-x86_64 0.5 11.00 81.00 92.00 OK
r-patched-linux-x86_64 0.5 5.25 46.96 52.21 NOTE
r-release-linux-x86_64 0.5 4.12 46.87 50.99 NOTE
r-release-macos-arm64 0.5 27.00 OK
r-release-macos-x86_64 0.5 37.00 OK
r-release-windows-x86_64 0.5 11.00 90.00 101.00 OK
r-oldrel-macos-arm64 0.5 35.00 OK
r-oldrel-macos-x86_64 0.5 42.00 OK
r-oldrel-windows-ix86+x86_64 0.5 11.00 59.00 70.00 OK

Check Details

Version: 0.5
Check: for non-standard things in the check directory
Result: NOTE
    Found the following files/directories:
     'PackageCites.bib'
Flavors: r-devel-linux-x86_64-debian-clang, r-devel-linux-x86_64-debian-gcc, r-devel-linux-x86_64-fedora-clang, r-devel-linux-x86_64-fedora-gcc, r-patched-linux-x86_64, r-release-linux-x86_64