CRAN Package Check Results for Package repolr

Last updated on 2021-06-21 06:49:21 CEST.

Flavor Version Tinstall Tcheck Ttotal Status Flags
r-devel-linux-x86_64-debian-clang 3.4 181.63 38.93 220.56 OK
r-devel-linux-x86_64-debian-gcc 3.4 122.68 30.14 152.82 OK
r-devel-linux-x86_64-fedora-clang 3.4 316.52 NOTE
r-devel-linux-x86_64-fedora-gcc 3.4 281.33 NOTE
r-devel-windows-x86_64 3.4 196.00 63.00 259.00 OK
r-devel-windows-x86_64-gcc10-UCRT 3.4 OK
r-patched-linux-x86_64 3.4 138.85 37.68 176.53 OK
r-patched-solaris-x86 3.4 258.80 OK
r-release-linux-x86_64 3.4 140.06 37.58 177.64 OK
r-release-macos-arm64 3.4 NOTE
r-release-macos-x86_64 3.4 NOTE
r-release-windows-ix86+x86_64 3.4 399.00 75.00 474.00 OK
r-oldrel-macos-x86_64 3.4 NOTE
r-oldrel-windows-ix86+x86_64 3.4 297.00 0.00 297.00 OK

Check Details

Version: 3.4
Check: installed package size
Result: NOTE
     installed size is 12.0Mb
     sub-directories of 1Mb or more:
     libs 11.8Mb
Flavors: r-devel-linux-x86_64-fedora-clang, r-release-macos-arm64, r-release-macos-x86_64, r-oldrel-macos-x86_64

Version: 3.4
Check: compiled code
Result: NOTE
    File ‘repolr/libs/repolr.so’:
     Found no calls to: ‘R_registerRoutines’, ‘R_useDynamicSymbols’
    
    It is good practice to register native routines and to disable symbol
    search.
    
    See ‘Writing portable packages’ in the ‘Writing R Extensions’ manual.
Flavors: r-devel-linux-x86_64-fedora-clang, r-devel-linux-x86_64-fedora-gcc