CRAN Package Check Results for Package reportr

Last updated on 2024-07-16 07:01:49 CEST.

Flavor Version Tinstall Tcheck Ttotal Status Flags
r-devel-linux-x86_64-debian-clang 1.3.0 2.45 25.40 27.85 OK
r-devel-linux-x86_64-debian-gcc 1.3.0 1.88 19.69 21.57 OK
r-devel-linux-x86_64-fedora-clang 1.3.0 34.45 OK
r-devel-linux-x86_64-fedora-gcc 1.3.0 44.61 OK
r-devel-windows-x86_64 1.3.0 4.00 47.00 51.00 NOTE
r-patched-linux-x86_64 1.3.0 4.68 24.09 28.77 OK
r-release-linux-x86_64 1.3.0 2.04 24.00 26.04 OK
r-release-macos-arm64 1.3.0 20.00 OK
r-release-macos-x86_64 1.3.0 43.00 OK
r-release-windows-x86_64 1.3.0 3.00 47.00 50.00 OK
r-oldrel-macos-arm64 1.3.0 22.00 OK
r-oldrel-macos-x86_64 1.3.0 28.00 OK
r-oldrel-windows-x86_64 1.3.0 3.00 45.00 48.00 OK

Check Details

Version: 1.3.0
Check: Rd cross-references
Result: NOTE Found the following Rd file(s) with Rd \link{} targets missing package anchors: reportr.Rd: es Please provide package anchors for all Rd \link{} targets not in the package itself and the base packages. Flavor: r-devel-windows-x86_64