CRAN Package Check Results for Package resample

Last updated on 2024-06-22 07:49:39 CEST.

Flavor Version Tinstall Tcheck Ttotal Status Flags
r-devel-linux-x86_64-debian-clang 0.6 2.35 35.09 37.44 NOTE
r-devel-linux-x86_64-debian-gcc 0.6 2.25 27.88 30.13 NOTE
r-devel-linux-x86_64-fedora-clang 0.6 49.89 NOTE
r-devel-linux-x86_64-fedora-gcc 0.6 48.01 NOTE
r-devel-windows-x86_64 0.6 5.00 51.00 56.00 NOTE
r-patched-linux-x86_64 0.6 3.20 35.18 38.38 NOTE
r-release-linux-x86_64 0.6 2.33 35.37 37.70 NOTE
r-release-macos-arm64 0.6 19.00 NOTE
r-release-macos-x86_64 0.6 33.00 NOTE
r-release-windows-x86_64 0.6 3.00 50.00 53.00 NOTE
r-oldrel-macos-arm64 0.6 19.00 OK
r-oldrel-macos-x86_64 0.6 29.00 OK
r-oldrel-windows-x86_64 0.6 5.00 53.00 58.00 OK

Check Details

Version: 0.6
Check: Rd files
Result: NOTE checkRd: (-1) ExpandProbs.Rd:35: Lost braces; missing escapes or markup? 35 | {z_probs2 sqrt((n-1)/n) = t_probs,n-1} | ^ Flavors: r-devel-linux-x86_64-debian-clang, r-devel-linux-x86_64-debian-gcc, r-devel-linux-x86_64-fedora-clang, r-devel-linux-x86_64-fedora-gcc, r-devel-windows-x86_64, r-patched-linux-x86_64, r-release-linux-x86_64, r-release-macos-arm64, r-release-macos-x86_64, r-release-windows-x86_64