CRAN Package Check Results for Package resemble

Last updated on 2021-06-13 06:50:01 CEST.

Flavor Version Tinstall Tcheck Ttotal Status Flags
r-devel-linux-x86_64-debian-clang 2.0.0 77.63 303.39 381.02 NOTE
r-devel-linux-x86_64-debian-gcc 2.0.0 57.09 234.85 291.94 NOTE
r-devel-linux-x86_64-fedora-clang 2.0.0 483.97 NOTE
r-devel-linux-x86_64-fedora-gcc 2.0.0 467.35 NOTE
r-devel-windows-x86_64 2.0.0 98.00 383.00 481.00 NOTE
r-devel-windows-x86_64-gcc10-UCRT 2.0.0 NOTE
r-patched-linux-x86_64 2.0.0 64.26 300.39 364.65 NOTE
r-patched-solaris-x86 2.0.0 665.90 NOTE
r-release-linux-x86_64 2.0.0 62.30 294.41 356.71 NOTE
r-release-macos-arm64 2.0.0 NOTE
r-release-macos-x86_64 2.0.0 NOTE
r-release-windows-ix86+x86_64 2.0.0 131.00 441.00 572.00 NOTE
r-oldrel-macos-x86_64 2.0.0 NOTE
r-oldrel-windows-ix86+x86_64 2.0.0 131.00 422.00 553.00 OK

Check Details

Version: 2.0.0
Check: LazyData
Result: NOTE
     'LazyData' is specified without a 'data' directory
Flavors: r-devel-linux-x86_64-debian-clang, r-devel-linux-x86_64-debian-gcc, r-devel-linux-x86_64-fedora-clang, r-devel-linux-x86_64-fedora-gcc, r-devel-windows-x86_64, r-devel-windows-x86_64-gcc10-UCRT, r-patched-linux-x86_64, r-patched-solaris-x86, r-release-linux-x86_64, r-release-macos-arm64, r-release-macos-x86_64, r-release-windows-ix86+x86_64

Version: 2.0.0
Check: installed package size
Result: NOTE
     installed size is 10.4Mb
     sub-directories of 1Mb or more:
     doc 1.6Mb
     libs 8.2Mb
Flavors: r-release-macos-arm64, r-release-macos-x86_64, r-oldrel-macos-x86_64