CRAN Package Check Results for Package resourcer

Last updated on 2021-01-20 06:46:58 CET.

Flavor Version Tinstall Tcheck Ttotal Status Flags
r-devel-linux-x86_64-debian-clang 1.1.0 20.50 36.24 56.74 OK
r-devel-linux-x86_64-debian-gcc 1.1.0 18.82 28.79 47.61 OK
r-devel-linux-x86_64-fedora-clang 1.1.0 87.29 OK
r-devel-linux-x86_64-fedora-gcc 1.1.0 79.03 OK
r-devel-windows-ix86+x86_64 1.1.0 26.00 55.00 81.00 OK
r-patched-linux-x86_64 1.1.0 23.28 35.20 58.48 OK
r-patched-solaris-x86 1.1.0 347.70 NOTE
r-release-linux-x86_64 1.1.0 21.48 35.24 56.72 OK
r-release-macos-x86_64 1.1.0 OK
r-release-windows-ix86+x86_64 1.1.0 28.00 55.00 83.00 OK
r-oldrel-macos-x86_64 1.1.0 OK
r-oldrel-windows-ix86+x86_64 1.1.0 24.00 49.00 73.00 OK

Check Details

Version: 1.1.0
Check: package dependencies
Result: NOTE
    Package suggested but not available for checking: ‘ssh’
Flavor: r-patched-solaris-x86