CRAN Package Check Results for Package reticulate

Last updated on 2020-11-24 06:46:56 CET.

Flavor Version Tinstall Tcheck Ttotal Status Flags
r-devel-linux-x86_64-debian-clang 1.18 73.42 95.09 168.51 OK
r-devel-linux-x86_64-debian-gcc 1.18 71.04 74.16 145.20 OK
r-devel-linux-x86_64-fedora-clang 1.18 203.15 NOTE
r-devel-linux-x86_64-fedora-gcc 1.18 189.48 OK
r-devel-windows-ix86+x86_64 1.18 123.00 211.00 334.00 OK
r-patched-linux-x86_64 1.18 87.58 94.40 181.98 OK
r-patched-solaris-x86 1.18 209.60 OK
r-release-linux-x86_64 1.18 86.50 93.14 179.64 OK
r-release-macos-x86_64 1.18 OK
r-release-windows-ix86+x86_64 1.18 95.00 183.00 278.00 OK
r-oldrel-macos-x86_64 1.18 OK
r-oldrel-windows-ix86+x86_64 1.18 91.00 192.00 283.00 OK

Check Details

Version: 1.18
Check: installed package size
Result: NOTE
     installed size is 5.1Mb
     sub-directories of 1Mb or more:
     doc 1.1Mb
     libs 3.3Mb
Flavor: r-devel-linux-x86_64-fedora-clang