CRAN Package Check Results for Package retry

Last updated on 2023-03-30 06:53:26 CEST.

Flavor Version Tinstall Tcheck Ttotal Status Flags
r-devel-linux-x86_64-debian-clang 0.1.0 1.89 31.10 32.99 NOTE
r-devel-linux-x86_64-debian-gcc 0.1.0 1.92 24.48 26.40 NOTE
r-devel-linux-x86_64-fedora-clang 0.1.0 42.79 NOTE
r-devel-linux-x86_64-fedora-gcc 0.1.0 40.27 NOTE
r-patched-linux-x86_64 0.1.0 2.42 31.50 33.92 NOTE
r-release-linux-x86_64 0.1.0 2.27 32.73 35.00 NOTE
r-release-macos-arm64 0.1.0 26.00 NOTE
r-release-macos-x86_64 0.1.0 36.00 NOTE
r-release-windows-x86_64 0.1.0 10.00 76.00 86.00 NOTE
r-oldrel-macos-arm64 0.1.0 31.00 NOTE
r-oldrel-macos-x86_64 0.1.0 36.00 NOTE
r-oldrel-windows-ix86+x86_64 0.1.0 7.00 68.00 75.00 NOTE

Check Details

Version: 0.1.0
Check: LazyData
Result: NOTE
     'LazyData' is specified without a 'data' directory
Flavors: r-devel-linux-x86_64-debian-clang, r-devel-linux-x86_64-debian-gcc, r-devel-linux-x86_64-fedora-clang, r-devel-linux-x86_64-fedora-gcc, r-patched-linux-x86_64, r-release-linux-x86_64, r-release-macos-arm64, r-release-macos-x86_64, r-release-windows-x86_64, r-oldrel-macos-arm64, r-oldrel-macos-x86_64, r-oldrel-windows-ix86+x86_64