Last updated on 2022-08-13 07:11:44 CEST.
Flavor | Version | Tinstall | Tcheck | Ttotal | Status | Flags |
---|---|---|---|---|---|---|
r-devel-linux-x86_64-debian-clang | 0.1 | 5.38 | 67.60 | 72.98 | NOTE | |
r-devel-linux-x86_64-debian-gcc | 0.1 | 3.59 | 50.15 | 53.74 | NOTE | |
r-devel-linux-x86_64-fedora-clang | 0.1 | 93.61 | NOTE | |||
r-devel-linux-x86_64-fedora-gcc | 0.1 | 93.65 | NOTE | |||
r-devel-windows-x86_64 | 0.1 | 11.00 | 91.00 | 102.00 | NOTE | |
r-patched-linux-x86_64 | 0.1 | 5.01 | 63.94 | 68.95 | NOTE | |
r-release-linux-x86_64 | 0.1 | 4.65 | 64.51 | 69.16 | NOTE | |
r-release-macos-arm64 | 0.1 | 23.00 | NOTE | |||
r-release-macos-x86_64 | 0.1 | 50.00 | NOTE | |||
r-release-windows-x86_64 | 0.1 | 22.00 | 90.00 | 112.00 | NOTE | |
r-oldrel-macos-arm64 | 0.1 | 28.00 | NOTE | |||
r-oldrel-macos-x86_64 | 0.1 | 44.00 | NOTE | |||
r-oldrel-windows-ix86+x86_64 | 0.1 | 15.00 | 85.00 | 100.00 | NOTE |
Version: 0.1
Check: LazyData
Result: NOTE
'LazyData' is specified without a 'data' directory
Flavors: r-devel-linux-x86_64-debian-clang, r-devel-linux-x86_64-debian-gcc, r-devel-linux-x86_64-fedora-clang, r-devel-linux-x86_64-fedora-gcc, r-devel-windows-x86_64, r-patched-linux-x86_64, r-release-linux-x86_64, r-release-macos-arm64, r-release-macos-x86_64, r-release-windows-x86_64, r-oldrel-macos-arm64, r-oldrel-macos-x86_64, r-oldrel-windows-ix86+x86_64
Version: 0.1
Check: dependencies in R code
Result: NOTE
Namespace in Imports field not imported from: ‘DT’
All declared Imports should be used.
Flavors: r-devel-linux-x86_64-fedora-clang, r-devel-linux-x86_64-fedora-gcc, r-release-macos-arm64, r-release-macos-x86_64, r-oldrel-macos-arm64, r-oldrel-macos-x86_64