CRAN Package Check Results for Package rfigshare

Last updated on 2025-01-22 07:50:36 CET.

Flavor Version Tinstall Tcheck Ttotal Status Flags
r-devel-linux-x86_64-debian-clang 0.3.8 5.84 57.75 63.59 NOTE
r-devel-linux-x86_64-debian-gcc 0.3.8 4.45 42.85 47.30 NOTE
r-devel-linux-x86_64-fedora-clang 0.3.8 103.98 NOTE
r-devel-linux-x86_64-fedora-gcc 0.3.8 118.28 NOTE
r-devel-windows-x86_64 0.3.8 8.00 78.00 86.00 NOTE
r-patched-linux-x86_64 0.3.8 6.00 53.75 59.75 NOTE
r-release-linux-x86_64 0.3.8 5.29 54.52 59.81 NOTE
r-release-macos-arm64 0.3.8 37.00 NOTE
r-release-macos-x86_64 0.3.8 57.00 NOTE
r-release-windows-x86_64 0.3.8 7.00 85.00 92.00 NOTE
r-oldrel-macos-arm64 0.3.8 36.00 OK
r-oldrel-macos-x86_64 0.3.8 53.00 OK
r-oldrel-windows-x86_64 0.3.8 8.00 92.00 100.00 OK

Check Details

Version: 0.3.8
Check: Rd files
Result: NOTE checkRd: (-1) fs_search.Rd:76: Lost braces 76 | \\code{\link{fs_auth}} \code{\link{fs_browse}} | ^ Flavors: r-devel-linux-x86_64-debian-clang, r-devel-linux-x86_64-debian-gcc, r-devel-linux-x86_64-fedora-clang, r-devel-linux-x86_64-fedora-gcc, r-devel-windows-x86_64, r-patched-linux-x86_64, r-release-linux-x86_64, r-release-macos-arm64, r-release-macos-x86_64, r-release-windows-x86_64