CRAN Package Check Results for Package rfviz

Last updated on 2021-01-19 06:51:14 CET.

Flavor Version Tinstall Tcheck Ttotal Status Flags
r-devel-linux-x86_64-debian-clang 1.0.0 2.60 31.26 33.86 OK
r-devel-linux-x86_64-debian-gcc 1.0.0 2.31 25.56 27.87 OK
r-devel-linux-x86_64-fedora-clang 1.0.0 53.52 NOTE
r-devel-linux-x86_64-fedora-gcc 1.0.0 43.71 NOTE
r-devel-windows-ix86+x86_64 1.0.0 6.00 42.00 48.00 OK
r-patched-linux-x86_64 1.0.0 3.03 31.16 34.19 OK
r-patched-solaris-x86 1.0.0 66.00 NOTE
r-release-linux-x86_64 1.0.0 2.61 31.21 33.82 OK
r-release-macos-x86_64 1.0.0 NOTE
r-release-windows-ix86+x86_64 1.0.0 7.00 41.00 48.00 OK
r-oldrel-macos-x86_64 1.0.0 NOTE
r-oldrel-windows-ix86+x86_64 1.0.0 5.00 37.00 42.00 OK

Check Details

Version: 1.0.0
Check: dependencies in R code
Result: NOTE
    Namespace in Imports field not imported from: ‘base’
     All declared Imports should be used.
Flavors: r-devel-linux-x86_64-fedora-clang, r-devel-linux-x86_64-fedora-gcc, r-patched-solaris-x86, r-release-macos-x86_64, r-oldrel-macos-x86_64