CRAN Package Check Results for Package rgdal

Last updated on 2021-12-04 06:51:05 CET.

Flavor Version Tinstall Tcheck Ttotal Status Flags
r-devel-linux-x86_64-debian-clang 1.5-27 45.10 131.70 176.80 OK
r-devel-linux-x86_64-debian-gcc 1.5-27 30.65 103.68 134.33 OK
r-devel-linux-x86_64-fedora-clang 1.5-27 227.91 NOTE
r-devel-linux-x86_64-fedora-gcc 1.5-27 212.05 OK
r-devel-windows-x86_64-new-UL 1.5-27 139.00 749.00 888.00 NOTE
r-devel-windows-x86_64-new-TK 1.5-27 OK
r-devel-windows-x86_64-old 1.5-27 83.00 282.00 365.00 NOTE
r-patched-linux-x86_64 1.5-27 41.13 122.17 163.30 OK
r-release-linux-x86_64 1.5-27 36.78 121.99 158.77 OK
r-release-macos-arm64 1.5-27 NOTE
r-release-macos-x86_64 1.5-27 NOTE
r-release-windows-ix86+x86_64 1.5-27 136.00 713.00 849.00 NOTE
r-oldrel-macos-x86_64 1.5-27 NOTE
r-oldrel-windows-ix86+x86_64 1.5-27 134.00 598.00 732.00 NOTE

Check Details

Version: 1.5-27
Check: installed package size
Result: NOTE
     installed size is 7.9Mb
     sub-directories of 1Mb or more:
     doc 3.4Mb
     pictures 1.3Mb
Flavors: r-devel-linux-x86_64-fedora-clang, r-devel-windows-x86_64-new-UL, r-devel-windows-x86_64-old, r-release-macos-arm64, r-release-macos-x86_64, r-release-windows-ix86+x86_64, r-oldrel-macos-x86_64, r-oldrel-windows-ix86+x86_64