CRAN Package Check Results for Package rgdal

Last updated on 2020-09-29 06:47:01 CEST.

Flavor Version Tinstall Tcheck Ttotal Status Flags
r-devel-linux-x86_64-debian-clang 1.5-16 44.90 117.48 162.38 OK
r-devel-linux-x86_64-debian-gcc 1.5-16 34.18 92.36 126.54 OK
r-devel-linux-x86_64-fedora-clang 1.5-16 212.69 NOTE
r-devel-linux-x86_64-fedora-gcc 1.5-16 197.58 OK
r-devel-windows-ix86+x86_64 1.5-16 140.00 437.00 577.00 NOTE
r-patched-linux-x86_64 1.5-16 41.82 111.88 153.70 OK
r-patched-solaris-x86 1.5-16 229.20 NOTE
r-release-linux-x86_64 1.5-16 35.89 112.78 148.67 OK
r-release-macos-x86_64 1.5-16 NOTE
r-release-windows-ix86+x86_64 1.5-16 137.00 610.00 747.00 NOTE
r-oldrel-macos-x86_64 1.5-16 NOTE
r-oldrel-windows-ix86+x86_64 1.5-16 116.00 526.00 642.00 NOTE

Check Details

Version: 1.5-16
Check: installed package size
Result: NOTE
     installed size is 7.9Mb
     sub-directories of 1Mb or more:
     doc 3.3Mb
     pictures 1.3Mb
Flavors: r-devel-linux-x86_64-fedora-clang, r-devel-windows-ix86+x86_64, r-patched-solaris-x86, r-release-macos-x86_64, r-release-windows-ix86+x86_64, r-oldrel-macos-x86_64, r-oldrel-windows-ix86+x86_64