CRAN Package Check Results for Package rgeos

Last updated on 2021-05-09 06:47:09 CEST.

Flavor Version Tinstall Tcheck Ttotal Status Flags
r-devel-linux-x86_64-debian-clang 0.5-5 17.45 65.74 83.19 OK
r-devel-linux-x86_64-debian-gcc 0.5-5 12.39 50.18 62.57 OK
r-devel-linux-x86_64-fedora-clang 0.5-5 113.97 OK
r-devel-linux-x86_64-fedora-gcc 0.5-5 100.36 OK
r-devel-windows-ix86+x86_64 0.5-5 49.00 140.00 189.00 NOTE
r-devel-windows-x86_64-gcc10-UCRT 0.5-5 OK
r-patched-linux-x86_64 0.5-5 16.71 63.27 79.98 OK
r-patched-solaris-x86 0.5-5 124.20 OK
r-release-linux-x86_64 0.5-5 14.04 62.29 76.33 OK
r-release-macos-x86_64 0.5-5 NOTE
r-release-windows-ix86+x86_64 0.5-5 53.00 116.00 169.00 NOTE
r-oldrel-macos-x86_64 0.5-5 NOTE
r-oldrel-windows-ix86+x86_64 0.5-5 58.00 133.00 191.00 OK

Check Details

Version: 0.5-5
Check: installed package size
Result: NOTE
     installed size is 5.1Mb
     sub-directories of 1Mb or more:
     libs 4.2Mb
Flavors: r-devel-windows-ix86+x86_64, r-release-macos-x86_64, r-release-windows-ix86+x86_64, r-oldrel-macos-x86_64