CRAN Package Check Results for Package rhype

Last updated on 2024-02-29 06:54:18 CET.

Flavor Version Tinstall Tcheck Ttotal Status Flags
r-devel-linux-x86_64-debian-clang 0.3.0 3.30 33.13 36.43 OK
r-devel-linux-x86_64-debian-gcc 0.3.0 2.12 25.32 27.44 OK
r-devel-linux-x86_64-fedora-clang 0.3.0 44.86 NOTE
r-devel-linux-x86_64-fedora-gcc 0.3.0 43.40 NOTE
r-devel-windows-x86_64 0.3.0 4.00 54.00 58.00 OK
r-patched-linux-x86_64 0.3.0 3.37 32.56 35.93 OK
r-release-linux-x86_64 0.3.0 4.10 32.73 36.83 OK
r-release-macos-arm64 0.3.0 19.00 OK
r-release-macos-x86_64 0.3.0 28.00 OK
r-release-windows-x86_64 0.3.0 5.00 58.00 63.00 OK
r-oldrel-macos-arm64 0.3.0 18.00 NOTE
r-oldrel-windows-x86_64 0.3.0 5.00 55.00 60.00 OK

Check Details

Version: 0.3.0
Check: dependencies in R code
Result: NOTE Namespace in Imports field not imported from: ‘R6’ All declared Imports should be used. Flavors: r-devel-linux-x86_64-fedora-clang, r-devel-linux-x86_64-fedora-gcc, r-oldrel-macos-arm64