CRAN Package Check Results for Package ridigbio

Last updated on 2021-04-17 06:46:55 CEST.

Flavor Version Tinstall Tcheck Ttotal Status Flags
r-devel-linux-x86_64-debian-clang 0.3.5 2.49 27.05 29.54 NOTE
r-devel-linux-x86_64-debian-gcc 0.3.5 1.86 21.09 22.95 NOTE
r-devel-linux-x86_64-fedora-clang 0.3.5 45.02 NOTE
r-devel-linux-x86_64-fedora-gcc 0.3.5 34.90 NOTE
r-devel-windows-ix86+x86_64 0.3.5 5.00 35.00 40.00 NOTE
r-devel-windows-x86_64-gcc10-UCRT 0.3.5 NOTE
r-patched-linux-x86_64 0.3.5 2.40 25.74 28.14 OK
r-patched-solaris-x86 0.3.5 52.10 OK
r-release-linux-x86_64 0.3.5 2.51 25.98 28.49 OK
r-release-macos-x86_64 0.3.5 OK
r-release-windows-ix86+x86_64 0.3.5 19.00 43.00 62.00 OK
r-oldrel-macos-x86_64 0.3.5 OK
r-oldrel-windows-ix86+x86_64 0.3.5 3.00 40.00 43.00 OK

Check Details

Version: 0.3.5
Check: LazyData
Result: NOTE
     'LazyData' is specified without a 'data' directory
Flavors: r-devel-linux-x86_64-debian-clang, r-devel-linux-x86_64-debian-gcc, r-devel-linux-x86_64-fedora-clang, r-devel-linux-x86_64-fedora-gcc, r-devel-windows-ix86+x86_64, r-devel-windows-x86_64-gcc10-UCRT