CRAN Package Check Results for Package riverdist

Last updated on 2020-10-26 05:46:50 CET.

Flavor Version Tinstall Tcheck Ttotal Status Flags
r-devel-linux-x86_64-debian-clang 0.15.3 13.50 148.72 162.22 OK
r-devel-linux-x86_64-debian-gcc 0.15.3 11.90 106.27 118.17 OK
r-devel-linux-x86_64-fedora-clang 0.15.3 197.04 OK
r-devel-linux-x86_64-fedora-gcc 0.15.3 187.13 OK
r-devel-windows-ix86+x86_64 0.15.3 23.00 184.00 207.00 OK
r-patched-linux-x86_64 0.15.3 12.02 134.40 146.42 OK
r-patched-solaris-x86 0.15.3 241.40 NOTE
r-release-linux-x86_64 0.15.3 12.21 135.13 147.34 OK
r-release-macos-x86_64 0.15.3 OK
r-release-windows-ix86+x86_64 0.15.3 18.00 129.00 147.00 OK
r-oldrel-macos-x86_64 0.15.3 OK
r-oldrel-windows-ix86+x86_64 0.15.3 20.00 167.00 187.00 OK

Check Details

Version: 0.15.3
Check: installed package size
Result: NOTE
     installed size is 5.3Mb
     sub-directories of 1Mb or more:
     data 3.6Mb
Flavor: r-patched-solaris-x86