Last updated on 2021-01-18 06:46:47 CET.
Flavor | Version | Tinstall | Tcheck | Ttotal | Status | Flags |
---|---|---|---|---|---|---|
r-devel-linux-x86_64-debian-clang | 4-10 | 9.41 | 30.16 | 39.57 | OK | |
r-devel-linux-x86_64-debian-gcc | 4-10 | 6.88 | 23.74 | 30.62 | OK | |
r-devel-linux-x86_64-fedora-clang | 4-10 | 60.39 | OK | |||
r-devel-linux-x86_64-fedora-gcc | 4-10 | 48.74 | OK | |||
r-devel-windows-ix86+x86_64 | 4-10 | 17.00 | 57.00 | 74.00 | OK | |
r-patched-linux-x86_64 | 4-10 | 8.51 | 28.57 | 37.08 | OK | |
r-patched-solaris-x86 | 4-10 | 68.70 | OK | |||
r-release-linux-x86_64 | 4-10 | 8.49 | 28.73 | 37.22 | OK | |
r-release-macos-x86_64 | 4-10 | OK | ||||
r-release-windows-ix86+x86_64 | 4-10 | 21.00 | 59.00 | 80.00 | OK | |
r-oldrel-macos-x86_64 | 4-10 | NOTE | ||||
r-oldrel-windows-ix86+x86_64 | 4-10 | 19.00 | 67.00 | 86.00 | OK |
Version: 4-10
Check: dependencies in R code
Result: NOTE
No protocol specified
No protocol specified
Flavor: r-oldrel-macos-x86_64