CRAN Package Check Results for Package rjpdmp

Last updated on 2021-06-19 06:48:22 CEST.

Flavor Version Tinstall Tcheck Ttotal Status Flags
r-devel-linux-x86_64-debian-clang 1.0.0 70.07 57.01 127.08 OK
r-devel-linux-x86_64-debian-gcc 1.0.0 51.50 46.48 97.98 OK
r-devel-linux-x86_64-fedora-clang 1.0.0 169.48 OK
r-devel-linux-x86_64-fedora-gcc 1.0.0 155.83 OK
r-devel-windows-x86_64 1.0.0 83.00 80.00 163.00 OK
r-devel-windows-x86_64-gcc10-UCRT 1.0.0 OK
r-patched-linux-x86_64 1.0.0 56.20 56.21 112.41 OK
r-patched-solaris-x86 1.0.0 153.00 OK
r-release-linux-x86_64 1.0.0 52.31 55.69 108.00 OK
r-release-macos-arm64 1.0.0 NOTE
r-release-macos-x86_64 1.0.0 NOTE
r-release-windows-ix86+x86_64 1.0.0 157.00 134.00 291.00 OK
r-oldrel-macos-x86_64 1.0.0 NOTE
r-oldrel-windows-ix86+x86_64 1.0.0 111.00 137.00 248.00 OK

Check Details

Version: 1.0.0
Check: installed package size
Result: NOTE
     installed size is 6.9Mb
     sub-directories of 1Mb or more:
     libs 6.8Mb
Flavors: r-release-macos-arm64, r-release-macos-x86_64, r-oldrel-macos-x86_64