CRAN Package Check Results for Package rkvo

Last updated on 2021-06-21 06:49:22 CEST.

Flavor Version Tinstall Tcheck Ttotal Status Flags
r-devel-linux-x86_64-debian-clang 0.1 19.89 25.12 45.01 NOTE
r-devel-linux-x86_64-debian-gcc 0.1 11.44 20.00 31.44 NOTE
r-devel-linux-x86_64-fedora-clang 0.1 69.20 NOTE
r-devel-linux-x86_64-fedora-gcc 0.1 54.90 NOTE
r-devel-windows-x86_64 0.1 25.00 46.00 71.00 NOTE
r-devel-windows-x86_64-gcc10-UCRT 0.1 NOTE
r-patched-linux-x86_64 0.1 16.08 24.30 40.38 NOTE
r-patched-solaris-x86 0.1 70.00 NOTE
r-release-linux-x86_64 0.1 15.51 24.41 39.92 NOTE
r-release-macos-arm64 0.1 NOTE
r-release-macos-x86_64 0.1 NOTE
r-release-windows-ix86+x86_64 0.1 46.00 53.00 99.00 NOTE
r-oldrel-macos-x86_64 0.1 OK
r-oldrel-windows-ix86+x86_64 0.1 36.00 0.00 36.00 OK

Check Details

Version: 0.1
Check: LazyData
Result: NOTE
     'LazyData' is specified without a 'data' directory
Flavors: r-devel-linux-x86_64-debian-clang, r-devel-linux-x86_64-debian-gcc, r-devel-linux-x86_64-fedora-clang, r-devel-linux-x86_64-fedora-gcc, r-devel-windows-x86_64, r-devel-windows-x86_64-gcc10-UCRT, r-patched-linux-x86_64, r-patched-solaris-x86, r-release-linux-x86_64, r-release-macos-arm64, r-release-macos-x86_64, r-release-windows-ix86+x86_64

Version: 0.1
Check: compiled code
Result: NOTE
    File ‘rkvo/libs/rkvo.so’:
     Found no calls to: ‘R_registerRoutines’, ‘R_useDynamicSymbols’
    
    It is good practice to register native routines and to disable symbol
    search.
    
    See ‘Writing portable packages’ in the ‘Writing R Extensions’ manual.
Flavors: r-devel-linux-x86_64-fedora-clang, r-devel-linux-x86_64-fedora-gcc