CRAN Package Check Results for Package rlas

Last updated on 2021-06-16 06:49:23 CEST.

Flavor Version Tinstall Tcheck Ttotal Status Flags
r-devel-linux-x86_64-debian-clang 1.5.0 487.36 34.61 521.97 OK
r-devel-linux-x86_64-debian-gcc 1.5.0 274.26 26.70 300.96 OK
r-devel-linux-x86_64-fedora-clang 1.5.0 751.60 NOTE
r-devel-linux-x86_64-fedora-gcc 1.5.0 600.65 OK
r-devel-windows-x86_64 1.5.0 576.00 71.00 647.00 OK
r-devel-windows-x86_64-gcc10-UCRT 1.5.0 OK
r-patched-linux-x86_64 1.5.0 349.73 33.32 383.05 OK
r-patched-solaris-x86 1.5.0 471.30 OK
r-release-linux-x86_64 1.5.0 351.53 33.40 384.93 OK
r-release-macos-arm64 1.4.0 NOTE
r-release-macos-x86_64 1.5.0 NOTE
r-release-windows-ix86+x86_64 1.5.0 1099.00 96.00 1195.00 NOTE
r-oldrel-macos-x86_64 1.5.0 NOTE
r-oldrel-windows-ix86+x86_64 1.5.0 873.00 96.00 969.00 NOTE

Check Details

Version: 1.5.0
Check: installed package size
Result: NOTE
     installed size is 10.6Mb
     sub-directories of 1Mb or more:
     libs 10.1Mb
Flavors: r-devel-linux-x86_64-fedora-clang, r-release-macos-x86_64, r-release-windows-ix86+x86_64, r-oldrel-macos-x86_64, r-oldrel-windows-ix86+x86_64

Version: 1.4.0
Check: installed package size
Result: NOTE
     installed size is 11.2Mb
     sub-directories of 1Mb or more:
     libs 10.9Mb
Flavor: r-release-macos-arm64

Version: 1.4.0
Check: LazyData
Result: NOTE
     'LazyData' is specified without a 'data' directory
Flavor: r-release-macos-arm64