CRAN Package Check Results for Package rmRNAseq

Last updated on 2020-09-25 06:50:08 CEST.

Flavor Version Tinstall Tcheck Ttotal Status Flags
r-devel-linux-x86_64-debian-clang 0.1.0 35.11 322.81 357.92 OK
r-devel-linux-x86_64-debian-gcc 0.1.0 28.78 241.19 269.97 OK
r-devel-linux-x86_64-fedora-clang 0.1.0 491.12 NOTE
r-devel-linux-x86_64-fedora-gcc 0.1.0 440.05 NOTE
r-devel-windows-ix86+x86_64 0.1.0 88.00 352.00 440.00 OK
r-patched-linux-x86_64 0.1.0 41.23 300.03 341.26 OK
r-patched-solaris-x86 0.1.0 581.20 NOTE
r-release-linux-x86_64 0.1.0 33.38 301.50 334.88 OK
r-release-macos-x86_64 0.1.0 ERROR
r-release-windows-ix86+x86_64 0.1.0 73.00 370.00 443.00 OK
r-oldrel-macos-x86_64 0.1.0 ERROR
r-oldrel-windows-ix86+x86_64 0.1.0 80.00 348.00 428.00 OK

Check Details

Version: 0.1.0
Check: dependencies in R code
Result: NOTE
    Namespace in Imports field not imported from: ‘statmod’
     All declared Imports should be used.
Flavors: r-devel-linux-x86_64-fedora-clang, r-devel-linux-x86_64-fedora-gcc, r-patched-solaris-x86

Version: 0.1.0
Check: package dependencies
Result: ERROR
    Package required but not available: ‘splineTimeR’
    
    See section ‘The DESCRIPTION file’ in the ‘Writing R Extensions’
    manual.
Flavors: r-release-macos-x86_64, r-oldrel-macos-x86_64