CRAN Package Check Results for Package rmake

Last updated on 2022-05-29 06:51:41 CEST.

Flavor Version Tinstall Tcheck Ttotal Status Flags
r-devel-linux-x86_64-debian-clang 1.1.0 5.08 57.91 62.99 NOTE
r-devel-linux-x86_64-debian-gcc 1.1.0 3.04 44.88 47.92 NOTE
r-devel-linux-x86_64-fedora-clang 1.1.0 78.95 NOTE
r-devel-linux-x86_64-fedora-gcc 1.1.0 64.04 NOTE
r-devel-windows-x86_64 1.1.0 19.00 83.00 102.00 NOTE
r-patched-linux-x86_64 1.1.0 5.18 56.51 61.69 NOTE
r-release-linux-x86_64 1.1.0 3.99 56.20 60.19 NOTE
r-release-macos-arm64 1.1.0 30.00 NOTE
r-release-macos-x86_64 1.1.0 43.00 NOTE
r-release-windows-x86_64 1.1.0 18.00 87.00 105.00 NOTE
r-oldrel-macos-arm64 1.1.0 39.00 NOTE
r-oldrel-macos-x86_64 1.1.0 50.00 NOTE
r-oldrel-windows-ix86+x86_64 1.1.0 12.00 77.00 89.00 NOTE

Check Details

Version: 1.1.0
Check: LazyData
Result: NOTE
     'LazyData' is specified without a 'data' directory
Flavors: r-devel-linux-x86_64-debian-clang, r-devel-linux-x86_64-debian-gcc, r-devel-linux-x86_64-fedora-clang, r-devel-linux-x86_64-fedora-gcc, r-devel-windows-x86_64, r-patched-linux-x86_64, r-release-linux-x86_64, r-release-macos-arm64, r-release-macos-x86_64, r-release-windows-x86_64, r-oldrel-macos-arm64, r-oldrel-macos-x86_64, r-oldrel-windows-ix86+x86_64