Last updated on 2023-12-08 06:51:09 CET.
Flavor | Version | Tinstall | Tcheck | Ttotal | Status | Flags |
---|---|---|---|---|---|---|
r-devel-linux-x86_64-debian-clang | 0.1.3 | 43.10 | 51.65 | 94.75 | NOTE | |
r-devel-linux-x86_64-debian-gcc | 0.1.3 | 30.47 | 39.30 | 69.77 | NOTE | |
r-devel-linux-x86_64-fedora-clang | 0.1.3 | 136.25 | NOTE | |||
r-devel-linux-x86_64-fedora-gcc | 0.1.3 | 139.26 | NOTE | |||
r-devel-windows-x86_64 | 0.1.3 | 36.00 | 78.00 | 114.00 | NOTE | |
r-patched-linux-x86_64 | 0.1.3 | 38.34 | 49.09 | 87.43 | NOTE | |
r-release-linux-x86_64 | 0.1.3 | 35.06 | 48.59 | 83.65 | NOTE | |
r-release-macos-arm64 | 0.1.3 | 38.00 | NOTE | |||
r-release-macos-x86_64 | 0.1.3 | 60.00 | NOTE | |||
r-release-windows-x86_64 | 0.1.3 | 41.00 | 88.00 | 129.00 | NOTE | |
r-oldrel-macos-arm64 | 0.1.3 | 37.00 | OK | |||
r-oldrel-macos-x86_64 | 0.1.3 | 46.00 | OK | |||
r-oldrel-windows-x86_64 | 0.1.3 | 44.00 | 85.00 | 129.00 | OK |
Version: 0.1.3
Check: C++ specification
Result: NOTE
Specified C++11: please drop specification unless essential
Flavors: r-devel-linux-x86_64-debian-clang, r-devel-linux-x86_64-debian-gcc, r-devel-linux-x86_64-fedora-clang, r-devel-linux-x86_64-fedora-gcc, r-devel-windows-x86_64, r-patched-linux-x86_64, r-release-linux-x86_64, r-release-macos-arm64, r-release-macos-x86_64, r-release-windows-x86_64