CRAN Package Check Results for Package rmdpartials

Last updated on 2023-03-20 05:52:23 CET.

Flavor Version Tinstall Tcheck Ttotal Status Flags
r-devel-linux-x86_64-debian-clang 0.5.8 NOTE
r-devel-linux-x86_64-debian-gcc 0.5.8 1.53 23.14 24.67 NOTE
r-devel-linux-x86_64-fedora-clang 0.5.8 41.35 NOTE
r-devel-linux-x86_64-fedora-gcc 0.5.8 48.76 NOTE
r-patched-linux-x86_64 0.5.8 1.89 30.60 32.49 NOTE
r-release-linux-x86_64 0.5.8 1.66 30.54 32.20 NOTE
r-release-macos-arm64 0.5.8 19.00 NOTE
r-release-macos-x86_64 0.5.8 26.00 NOTE
r-release-windows-x86_64 0.5.8 14.00 66.00 80.00 NOTE
r-oldrel-macos-arm64 0.5.8 26.00 NOTE
r-oldrel-macos-x86_64 0.5.8 30.00 NOTE
r-oldrel-windows-ix86+x86_64 0.5.8 5.00 64.00 69.00 NOTE

Check Details

Version: 0.5.8
Check: package subdirectories
Result: NOTE
    Problems with news in ‘NEWS.md’:
    No news entries found.
Flavors: r-devel-linux-x86_64-debian-clang, r-devel-linux-x86_64-debian-gcc, r-devel-linux-x86_64-fedora-clang, r-devel-linux-x86_64-fedora-gcc

Version: 0.5.8
Check: LazyData
Result: NOTE
     'LazyData' is specified without a 'data' directory
Flavors: r-devel-linux-x86_64-debian-clang, r-devel-linux-x86_64-debian-gcc, r-devel-linux-x86_64-fedora-clang, r-devel-linux-x86_64-fedora-gcc, r-patched-linux-x86_64, r-release-linux-x86_64, r-release-macos-arm64, r-release-macos-x86_64, r-release-windows-x86_64, r-oldrel-macos-arm64, r-oldrel-macos-x86_64, r-oldrel-windows-ix86+x86_64