Last updated on 2023-12-07 06:51:55 CET.
Flavor | Version | Tinstall | Tcheck | Ttotal | Status | Flags |
---|---|---|---|---|---|---|
r-devel-linux-x86_64-debian-clang | 5.2.1-26 | 354.02 | 63.29 | 417.31 | NOTE | |
r-devel-linux-x86_64-debian-gcc | 5.2.1-26 | 215.50 | 45.58 | 261.08 | NOTE | |
r-devel-linux-x86_64-fedora-clang | 5.2.1-26 | 572.36 | WARN | |||
r-devel-linux-x86_64-fedora-gcc | 5.2.1-26 | 543.70 | NOTE | |||
r-devel-windows-x86_64 | 5.2.1-26 | 278.00 | 101.00 | 379.00 | NOTE | |
r-patched-linux-x86_64 | 5.2.1-26 | 248.16 | 58.83 | 306.99 | NOTE | |
r-release-linux-x86_64 | 5.2.1-26 | 251.35 | 59.43 | 310.78 | NOTE | |
r-release-macos-arm64 | 5.2.1-26 | 161.00 | NOTE | |||
r-release-macos-x86_64 | 5.2.1-26 | 172.00 | NOTE | |||
r-release-windows-x86_64 | 5.2.1-26 | 327.00 | 116.00 | 443.00 | NOTE | |
r-oldrel-macos-arm64 | 5.2.1-26 | 213.00 | NOTE | |||
r-oldrel-macos-x86_64 | 5.2.1-23 | 181.00 | NOTE | |||
r-oldrel-windows-x86_64 | 5.2.1-26 | 380.00 | 106.00 | 486.00 | NOTE |
Version: 5.2.1-26
Check: for GNU extensions in Makefiles
Result: NOTE
GNU make is a SystemRequirements.
Flavors: r-devel-linux-x86_64-debian-clang, r-devel-linux-x86_64-debian-gcc, r-devel-linux-x86_64-fedora-clang, r-devel-linux-x86_64-fedora-gcc, r-devel-windows-x86_64, r-patched-linux-x86_64, r-release-linux-x86_64, r-release-macos-arm64, r-release-macos-x86_64, r-release-windows-x86_64, r-oldrel-macos-arm64, r-oldrel-windows-x86_64
Version: 5.2.1-26
Check: whether package can be installed
Result: WARN
Found the following significant warnings:
/usr/include/features.h:412:4: warning: _FORTIFY_SOURCE requires compiling with optimization (-O) [-W#warnings]
See ‘/data/gannet/ripley/R/packages/tests-clang/rmumps.Rcheck/00install.out’ for details.
* used C compiler: ‘clang version 17.0.5’
* used C++ compiler: ‘clang version 17.0.5’
Flavor: r-devel-linux-x86_64-fedora-clang
Version: 5.2.1-26
Check: installed package size
Result: NOTE
installed size is 12.1Mb
sub-directories of 1Mb or more:
libs 11.8Mb
Flavors: r-release-macos-arm64, r-release-macos-x86_64, r-oldrel-macos-arm64
Version: 5.2.1-23
Check: installed package size
Result: NOTE
installed size is 12.9Mb
sub-directories of 1Mb or more:
libs 12.6Mb
Flavor: r-oldrel-macos-x86_64
Version: 5.2.1-23
Check: for GNU extensions in Makefiles
Result: NOTE
GNU make is a SystemRequirements.
Flavor: r-oldrel-macos-x86_64