CRAN Package Check Results for Package rmumps

Last updated on 2022-09-28 06:54:18 CEST.

Flavor Version Tinstall Tcheck Ttotal Status Flags
r-devel-linux-x86_64-debian-clang 5.2.1-15 269.91 70.69 340.60 WARN
r-devel-linux-x86_64-debian-gcc 5.2.1-15 222.66 53.36 276.02 NOTE
r-devel-linux-x86_64-fedora-clang 5.2.1-15 176.36 ERROR
r-devel-linux-x86_64-fedora-gcc 5.2.1-15 466.90 NOTE
r-devel-windows-x86_64 5.2.1-15 1444.00 151.00 1595.00 NOTE
r-patched-linux-x86_64 5.2.1-15 219.85 65.79 285.64 NOTE
r-release-linux-x86_64 5.2.1-15 224.48 65.93 290.41 NOTE
r-release-macos-arm64 5.2.1-15 220.00 NOTE
r-release-macos-x86_64 5.2.1-15 188.00 NOTE
r-release-windows-x86_64 5.2.1-15 1415.00 142.00 1557.00 NOTE
r-oldrel-macos-arm64 5.2.1-15 200.00 NOTE
r-oldrel-macos-x86_64 5.2.1-15 183.00 NOTE
r-oldrel-windows-ix86+x86_64 5.2.1-15 687.00 149.00 836.00 NOTE

Additional issues

clang15 clang15 M1mac

Check Details

Version: 5.2.1-15
Check: whether package can be installed
Result: WARN
    Found the following significant warnings:
     vmesh_separate_fm.c:359:57: warning: for loop has empty body [-Wempty-body]
Flavor: r-devel-linux-x86_64-debian-clang

Version: 5.2.1-15
Check: for GNU extensions in Makefiles
Result: NOTE
    GNU make is a SystemRequirements.
Flavors: r-devel-linux-x86_64-debian-clang, r-devel-linux-x86_64-debian-gcc, r-devel-linux-x86_64-fedora-gcc, r-devel-windows-x86_64, r-patched-linux-x86_64, r-release-linux-x86_64, r-release-macos-arm64, r-release-macos-x86_64, r-release-windows-x86_64, r-oldrel-macos-arm64, r-oldrel-macos-x86_64, r-oldrel-windows-ix86+x86_64

Version: 5.2.1-15
Check: whether package can be installed
Result: ERROR
    Installation failed.
Flavor: r-devel-linux-x86_64-fedora-clang

Version: 5.2.1-15
Check: installed package size
Result: NOTE
     installed size is 12.4Mb
     sub-directories of 1Mb or more:
     libs 12.1Mb
Flavors: r-release-macos-arm64, r-release-macos-x86_64, r-oldrel-macos-arm64, r-oldrel-macos-x86_64, r-oldrel-windows-ix86+x86_64