CRAN Package Check Results for Package rmumps

Last updated on 2024-06-23 06:56:42 CEST.

Flavor Version Tinstall Tcheck Ttotal Status Flags
r-devel-linux-x86_64-debian-clang 5.2.1-30 376.62 64.63 441.25 NOTE
r-devel-linux-x86_64-debian-gcc 5.2.1-30 222.40 45.61 268.01 NOTE
r-devel-linux-x86_64-fedora-clang 5.2.1-30 562.69 NOTE
r-devel-linux-x86_64-fedora-gcc 5.2.1-30 547.34 NOTE
r-devel-windows-x86_64 5.2.1-30 271.00 96.00 367.00 NOTE
r-patched-linux-x86_64 5.2.1-30 259.99 59.57 319.56 NOTE
r-release-linux-x86_64 5.2.1-30 264.57 59.75 324.32 NOTE
r-release-macos-arm64 5.2.1-30 205.00 NOTE
r-release-macos-x86_64 5.2.1-30 182.00 NOTE
r-release-windows-x86_64 5.2.1-30 269.00 92.00 361.00 NOTE
r-oldrel-macos-arm64 5.2.1-30 209.00 NOTE
r-oldrel-macos-x86_64 5.2.1-30 180.00 NOTE
r-oldrel-windows-x86_64 5.2.1-30 314.00 119.00 433.00 NOTE

Check Details

Version: 5.2.1-30
Check: for GNU extensions in Makefiles
Result: NOTE GNU make is a SystemRequirements. Flavors: r-devel-linux-x86_64-debian-clang, r-devel-linux-x86_64-debian-gcc, r-devel-linux-x86_64-fedora-clang, r-devel-linux-x86_64-fedora-gcc, r-devel-windows-x86_64, r-patched-linux-x86_64, r-release-linux-x86_64, r-release-macos-arm64, r-release-macos-x86_64, r-release-windows-x86_64, r-oldrel-macos-arm64, r-oldrel-macos-x86_64, r-oldrel-windows-x86_64

Version: 5.2.1-30
Check: installed package size
Result: NOTE installed size is 12.2Mb sub-directories of 1Mb or more: libs 11.9Mb Flavors: r-release-macos-arm64, r-release-macos-x86_64, r-oldrel-macos-arm64, r-oldrel-macos-x86_64