CRAN Package Check Results for Package rmumps

Last updated on 2023-01-30 09:35:16 CET.

Flavor Version Tinstall Tcheck Ttotal Status Flags
r-devel-linux-x86_64-debian-clang 5.2.1-22 269.55 59.76 329.31 NOTE
r-devel-linux-x86_64-debian-gcc 5.2.1-22 221.24 44.73 265.97 NOTE
r-devel-linux-x86_64-fedora-clang 5.2.1-22 416.00 NOTE
r-devel-linux-x86_64-fedora-gcc 5.2.1-22 473.93 NOTE
r-devel-windows-x86_64 5.2.1-22 912.00 137.00 1049.00 NOTE
r-patched-linux-x86_64 5.2.1-22 222.03 56.49 278.52 NOTE
r-release-linux-x86_64 5.2.1-22 219.55 57.51 277.06 NOTE
r-release-macos-arm64 5.2.1-22 216.00 NOTE
r-release-macos-x86_64 5.2.1-22 182.00 NOTE
r-release-windows-x86_64 5.2.1-22 1335.00 136.00 1471.00 NOTE
r-oldrel-macos-arm64 5.2.1-22 182.00 NOTE
r-oldrel-macos-x86_64 5.2.1-22 180.00 NOTE
r-oldrel-windows-ix86+x86_64 5.2.1-22 143.00 19.00 162.00 ERROR

Check Details

Version: 5.2.1-22
Check: for GNU extensions in Makefiles
Result: NOTE
    GNU make is a SystemRequirements.
Flavors: r-devel-linux-x86_64-debian-clang, r-devel-linux-x86_64-debian-gcc, r-devel-linux-x86_64-fedora-clang, r-devel-linux-x86_64-fedora-gcc, r-devel-windows-x86_64, r-patched-linux-x86_64, r-release-linux-x86_64, r-release-macos-arm64, r-release-macos-x86_64, r-release-windows-x86_64, r-oldrel-macos-arm64, r-oldrel-macos-x86_64

Version: 5.2.1-22
Check: C++ specification
Result: NOTE
     Specified C++11: please update to current default of C++17
Flavors: r-devel-linux-x86_64-debian-gcc, r-devel-linux-x86_64-fedora-clang, r-devel-linux-x86_64-fedora-gcc, r-devel-windows-x86_64

Version: 5.2.1-22
Check: installed package size
Result: NOTE
     installed size is 12.4Mb
     sub-directories of 1Mb or more:
     libs 12.1Mb
Flavors: r-release-macos-arm64, r-release-macos-x86_64, r-oldrel-macos-arm64, r-oldrel-macos-x86_64

Version: 5.2.1-22
Check: whether package can be installed
Result: ERROR
    Installation failed.
Flavor: r-oldrel-windows-ix86+x86_64