CRAN Package Check Results for Package rnoaa

Last updated on 2021-12-05 06:48:53 CET.

Flavor Version Tinstall Tcheck Ttotal Status Flags
r-devel-linux-x86_64-debian-clang 1.3.8 13.01 106.40 119.41 OK
r-devel-linux-x86_64-debian-gcc 1.3.8 10.61 79.93 90.54 OK
r-devel-linux-x86_64-fedora-clang 1.3.8 143.13 NOTE
r-devel-linux-x86_64-fedora-gcc 1.3.8 134.47 OK
r-devel-windows-x86_64-new-UL 1.3.8 34.00 143.00 177.00 OK
r-devel-windows-x86_64-new-TK 1.3.8 OK
r-devel-windows-x86_64-old 1.3.8 13.00 123.00 136.00 OK
r-patched-linux-x86_64 1.3.8 19.47 92.57 112.04 OK
r-release-linux-x86_64 1.3.8 13.39 99.05 112.44 OK
r-release-macos-arm64 1.3.8 OK
r-release-macos-x86_64 1.3.8 OK
r-release-windows-ix86+x86_64 1.3.8 17.00 95.00 112.00 OK
r-oldrel-macos-x86_64 1.3.8 OK
r-oldrel-windows-ix86+x86_64 1.3.7 24.00 125.00 149.00 OK

Check Details

Version: 1.3.8
Check: Rd cross-references
Result: NOTE
    Undeclared package ‘rappdirs’ in Rd xrefs
Flavor: r-devel-linux-x86_64-fedora-clang