Last updated on 2022-05-28 07:06:03 CEST.
Flavor | Version | Tinstall | Tcheck | Ttotal | Status | Flags |
---|---|---|---|---|---|---|
r-devel-linux-x86_64-debian-clang | 1.4.3 | 11.82 | 221.44 | 233.26 | OK | |
r-devel-linux-x86_64-debian-gcc | 1.4.3 | 10.51 | 160.27 | 170.78 | OK | |
r-devel-linux-x86_64-fedora-clang | 1.4.3 | 277.35 | NOTE | |||
r-devel-linux-x86_64-fedora-gcc | 1.4.3 | 254.02 | OK | |||
r-devel-windows-x86_64 | 1.4.3 | 58.00 | 238.00 | 296.00 | NOTE | |
r-patched-linux-x86_64 | 1.4.3 | 9.64 | 208.95 | 218.59 | OK | |
r-release-linux-x86_64 | 1.4.3 | 9.08 | 207.61 | 216.69 | OK | |
r-release-macos-arm64 | 1.4.3 | 75.00 | NOTE | |||
r-release-macos-x86_64 | 1.4.3 | 134.00 | NOTE | |||
r-release-windows-x86_64 | 1.4.3 | 64.00 | 249.00 | 313.00 | NOTE | |
r-oldrel-macos-arm64 | 1.4.3 | 81.00 | NOTE | |||
r-oldrel-macos-x86_64 | 1.4.3 | 103.00 | NOTE | |||
r-oldrel-windows-ix86+x86_64 | 1.4.3 | 24.00 | 245.00 | 269.00 | NOTE |
Version: 1.4.3
Check: installed package size
Result: NOTE
installed size is 5.2Mb
sub-directories of 1Mb or more:
data 2.9Mb
doc 1.7Mb
Flavors: r-devel-linux-x86_64-fedora-clang, r-devel-windows-x86_64, r-release-macos-arm64, r-release-macos-x86_64, r-release-windows-x86_64, r-oldrel-macos-arm64, r-oldrel-macos-x86_64, r-oldrel-windows-ix86+x86_64