CRAN Package Check Results for Package robustbase

Last updated on 2020-12-05 06:51:02 CET.

Flavor Version Tinstall Tcheck Ttotal Status Flags
r-devel-linux-x86_64-debian-clang 0.93-6 26.80 303.70 330.50 OK
r-devel-linux-x86_64-debian-gcc 0.93-6 20.87 224.03 244.90 OK
r-devel-linux-x86_64-fedora-clang 0.93-6 391.87 NOTE
r-devel-linux-x86_64-fedora-gcc 0.93-6 388.33 OK
r-devel-windows-ix86+x86_64 0.93-6 57.00 606.00 663.00 OK
r-patched-linux-x86_64 0.93-6 24.83 287.35 312.18 OK
r-patched-solaris-x86 0.93-6 501.10 OK
r-release-linux-x86_64 0.93-6 23.39 288.25 311.64 OK
r-release-macos-x86_64 0.93-6 OK
r-release-windows-ix86+x86_64 0.93-6 47.00 518.00 565.00 OK
r-oldrel-macos-x86_64 0.93-6 OK
r-oldrel-windows-ix86+x86_64 0.93-6 53.00 492.00 545.00 OK

Check Details

Version: 0.93-6
Check: Rd cross-references
Result: NOTE
    Undeclared packages ‘matrixStats’, ‘robustX’, ‘quantreg’, ‘rrcov’, ‘Hmisc’ in Rd xrefs
Flavor: r-devel-linux-x86_64-fedora-clang