CRAN Package Check Results for Package roll

Last updated on 2021-06-13 06:50:01 CEST.

Flavor Version Tinstall Tcheck Ttotal Status Flags
r-devel-linux-x86_64-debian-clang 1.1.6 58.10 29.97 88.07 NOTE
r-devel-linux-x86_64-debian-gcc 1.1.6 48.02 23.99 72.01 NOTE
r-devel-linux-x86_64-fedora-clang 1.1.6 127.56 NOTE
r-devel-linux-x86_64-fedora-gcc 1.1.6 123.46 NOTE
r-devel-windows-x86_64 1.1.6 74.00 65.00 139.00 NOTE
r-devel-windows-x86_64-gcc10-UCRT 1.1.6 NOTE
r-patched-linux-x86_64 1.1.6 53.83 29.66 83.49 NOTE
r-patched-solaris-x86 1.1.6 129.80 NOTE
r-release-linux-x86_64 1.1.6 53.81 29.44 83.25 NOTE
r-release-macos-arm64 1.1.6 NOTE
r-release-macos-x86_64 1.1.6 NOTE
r-release-windows-ix86+x86_64 1.1.6 105.00 79.00 184.00 NOTE
r-oldrel-macos-x86_64 1.1.6 NOTE
r-oldrel-windows-ix86+x86_64 1.1.6 109.00 82.00 191.00 NOTE

Check Details

Version: 1.1.6
Check: for GNU extensions in Makefiles
Result: NOTE
    GNU make is a SystemRequirements.
Flavors: r-devel-linux-x86_64-debian-clang, r-devel-linux-x86_64-debian-gcc, r-devel-linux-x86_64-fedora-clang, r-devel-linux-x86_64-fedora-gcc, r-devel-windows-x86_64, r-devel-windows-x86_64-gcc10-UCRT, r-patched-linux-x86_64, r-patched-solaris-x86, r-release-linux-x86_64, r-release-macos-arm64, r-release-macos-x86_64, r-release-windows-ix86+x86_64, r-oldrel-macos-x86_64, r-oldrel-windows-ix86+x86_64

Version: 1.1.6
Check: installed package size
Result: NOTE
     installed size is 7.9Mb
     sub-directories of 1Mb or more:
     libs 7.7Mb
Flavors: r-release-macos-arm64, r-release-macos-x86_64, r-oldrel-macos-x86_64