CRAN Package Check Results for Package rolr

Last updated on 2022-01-26 06:50:27 CET.

Flavor Version Tinstall Tcheck Ttotal Status Flags
r-devel-linux-x86_64-debian-clang 1.0.0 1.72 70.64 72.36 NOTE
r-devel-linux-x86_64-debian-gcc 1.0.0 1.56 53.52 55.08 NOTE
r-devel-linux-x86_64-fedora-clang 1.0.0 87.90 NOTE
r-devel-linux-x86_64-fedora-gcc 1.0.0 77.25 NOTE
r-devel-windows-x86_64-new-UL 1.0.0 18.00 93.00 111.00 NOTE
r-devel-windows-x86_64-new-TK 1.0.0 NOTE
r-patched-linux-x86_64 1.0.0 2.41 67.06 69.47 NOTE
r-release-linux-x86_64 1.0.0 1.72 67.43 69.15 NOTE
r-release-macos-arm64 1.0.0 NOTE
r-release-macos-x86_64 1.0.0 NOTE
r-release-windows-ix86+x86_64 1.0.0 4.00 84.00 88.00 NOTE
r-oldrel-macos-x86_64 1.0.0 OK
r-oldrel-windows-ix86+x86_64 1.0.0 4.00 86.00 90.00 OK

Check Details

Version: 1.0.0
Check: LazyData
Result: NOTE
     'LazyData' is specified without a 'data' directory
Flavors: r-devel-linux-x86_64-debian-clang, r-devel-linux-x86_64-debian-gcc, r-devel-linux-x86_64-fedora-clang, r-devel-linux-x86_64-fedora-gcc, r-devel-windows-x86_64-new-UL, r-devel-windows-x86_64-new-TK, r-patched-linux-x86_64, r-release-linux-x86_64, r-release-macos-arm64, r-release-macos-x86_64, r-release-windows-ix86+x86_64