Last updated on 2023-11-28 07:53:15 CET.
Flavor | Version | Tinstall | Tcheck | Ttotal | Status | Flags |
---|---|---|---|---|---|---|
r-devel-linux-x86_64-debian-clang | 0.3.2 | 7.46 | 57.56 | 65.02 | NOTE | |
r-devel-linux-x86_64-debian-gcc | 0.3.2 | 4.93 | 44.24 | 49.17 | NOTE | |
r-devel-linux-x86_64-fedora-clang | 0.3.2 | 81.03 | OK | |||
r-devel-linux-x86_64-fedora-gcc | 0.3.2 | 87.36 | OK | |||
r-devel-windows-x86_64 | 0.3.2 | 7.00 | 68.00 | 75.00 | OK | |
r-patched-linux-x86_64 | 0.3.2 | 7.38 | 54.55 | 61.93 | OK | |
r-release-linux-x86_64 | 0.3.2 | 4.21 | 54.31 | 58.52 | OK | |
r-release-macos-arm64 | 0.3.2 | 33.00 | OK | |||
r-release-macos-x86_64 | 0.3.2 | 87.00 | OK | |||
r-release-windows-x86_64 | 0.3.2 | 9.00 | 75.00 | 84.00 | OK | |
r-oldrel-macos-arm64 | 0.3.2 | 33.00 | OK | |||
r-oldrel-macos-x86_64 | 0.3.2 | 46.00 | OK | |||
r-oldrel-windows-x86_64 | 0.3.2 | 10.00 | 80.00 | 90.00 | OK |
Version: 0.3.2
Check: Rd files
Result: NOTE
checkRd: (-1) read_ascii.Rd:33: Lost braces
33 | \item{respondent_pattern}{For use when the file does not contain a line for every card for every respondent (or contains extra lines that correspond to no respondent), a regular expression that matches the file's respondent identifier; e.g., if the respondent number is stored in the first four digits of each line, preceded by a space, "(?<=^\\s)\\d{4}".}
| ^
Flavors: r-devel-linux-x86_64-debian-clang, r-devel-linux-x86_64-debian-gcc