CRAN Package Check Results for Package ropercenter

Last updated on 2023-03-28 06:51:28 CEST.

Flavor Version Tinstall Tcheck Ttotal Status Flags
r-devel-linux-x86_64-debian-clang 0.3.1 6.60 64.31 70.91 NOTE
r-devel-linux-x86_64-debian-gcc 0.3.1 6.45 48.26 54.71 NOTE
r-devel-linux-x86_64-fedora-clang 0.3.1 88.13 NOTE
r-devel-linux-x86_64-fedora-gcc 0.3.1 95.10 NOTE
r-patched-linux-x86_64 0.3.1 5.25 59.68 64.93 NOTE
r-release-linux-x86_64 0.3.1 4.86 60.29 65.15 NOTE
r-release-macos-arm64 0.3.1 34.00 NOTE
r-release-macos-x86_64 0.3.1 56.00 NOTE
r-release-windows-x86_64 0.3.1 21.00 100.00 121.00 NOTE
r-oldrel-macos-arm64 0.3.1 39.00 NOTE
r-oldrel-macos-x86_64 0.3.1 40.00 NOTE
r-oldrel-windows-ix86+x86_64 0.3.1 20.00 87.00 107.00 NOTE

Check Details

Version: 0.3.1
Check: LazyData
Result: NOTE
     'LazyData' is specified without a 'data' directory
Flavors: r-devel-linux-x86_64-debian-clang, r-devel-linux-x86_64-debian-gcc, r-devel-linux-x86_64-fedora-clang, r-devel-linux-x86_64-fedora-gcc, r-patched-linux-x86_64, r-release-linux-x86_64, r-release-macos-arm64, r-release-macos-x86_64, r-release-windows-x86_64, r-oldrel-macos-arm64, r-oldrel-macos-x86_64, r-oldrel-windows-ix86+x86_64

Version: 0.3.1
Check: Rd cross-references
Result: NOTE
    Undeclared package ‘readroper’ in Rd xrefs
Flavor: r-devel-linux-x86_64-fedora-clang

Version: 0.3.1
Check: R code for possible problems
Result: NOTE
    Initiating curl with CURL_SSL_BACKEND: openssl
Flavor: r-oldrel-windows-ix86+x86_64