CRAN Package Check Results for Package rosetta

Last updated on 2024-02-27 06:50:42 CET.

Flavor Version Tinstall Tcheck Ttotal Status Flags
r-devel-linux-x86_64-debian-clang 0.3.12 16.11 115.53 131.64 OK
r-devel-linux-x86_64-debian-gcc 0.3.12 11.95 88.00 99.95 OK
r-devel-linux-x86_64-fedora-clang 0.3.12 164.40 OK
r-devel-linux-x86_64-fedora-gcc 0.3.12 165.07 OK
r-devel-windows-x86_64 0.3.12 15.00 112.00 127.00 OK
r-patched-linux-x86_64 0.3.12 20.98 112.99 133.97 OK
r-release-linux-x86_64 0.3.12 14.25 112.87 127.12 OK
r-release-macos-arm64 0.3.12 48.00 OK
r-release-macos-x86_64 0.3.12 73.00 NOTE
r-release-windows-x86_64 0.3.12 19.00 132.00 151.00 OK
r-oldrel-macos-arm64 0.3.12 33.00 OK
r-oldrel-windows-x86_64 0.3.12 20.00 130.00 150.00 OK

Check Details

Version: 0.3.12
Check: package dependencies
Result: NOTE Package suggested but not available for checking: ‘MBESS’ Flavor: r-release-macos-x86_64