CRAN Package Check Results for Package rpinterest

Last updated on 2022-01-26 06:50:27 CET.

Flavor Version Tinstall Tcheck Ttotal Status Flags
r-devel-linux-x86_64-debian-clang 0.3.1 2.08 29.95 32.03 NOTE
r-devel-linux-x86_64-debian-gcc 0.3.1 1.96 23.74 25.70 NOTE
r-devel-linux-x86_64-fedora-clang 0.3.1 40.84 NOTE
r-devel-linux-x86_64-fedora-gcc 0.3.1 29.30 NOTE
r-devel-windows-x86_64-new-UL 0.3.1 25.00 51.00 76.00 NOTE
r-devel-windows-x86_64-new-TK 0.3.1 NOTE
r-patched-linux-x86_64 0.3.1 2.07 28.94 31.01 NOTE
r-release-linux-x86_64 0.3.1 1.84 28.80 30.64 NOTE
r-release-macos-arm64 0.3.1 NOTE
r-release-macos-x86_64 0.3.1 NOTE
r-release-windows-ix86+x86_64 0.3.1 5.00 39.00 44.00 NOTE
r-oldrel-macos-x86_64 0.3.1 OK
r-oldrel-windows-ix86+x86_64 0.3.1 5.00 38.00 43.00 OK

Check Details

Version: 0.3.1
Check: LazyData
Result: NOTE
     'LazyData' is specified without a 'data' directory
Flavors: r-devel-linux-x86_64-debian-clang, r-devel-linux-x86_64-debian-gcc, r-devel-linux-x86_64-fedora-clang, r-devel-linux-x86_64-fedora-gcc, r-devel-windows-x86_64-new-UL, r-devel-windows-x86_64-new-TK, r-patched-linux-x86_64, r-release-linux-x86_64, r-release-macos-arm64, r-release-macos-x86_64, r-release-windows-ix86+x86_64