CRAN Package Check Results for Package rprime

Last updated on 2023-03-21 15:52:30 CET.

Flavor Version Tinstall Tcheck Ttotal Status Flags
r-devel-linux-x86_64-debian-clang 0.1.2 3.90 54.26 58.16 NOTE
r-devel-linux-x86_64-debian-gcc 0.1.2 3.66 42.19 45.85 NOTE
r-devel-linux-x86_64-fedora-clang 0.1.2 76.08 NOTE
r-devel-linux-x86_64-fedora-gcc 0.1.2 80.97 NOTE
r-patched-linux-x86_64 0.1.2 6.96 54.69 61.65 NOTE
r-release-linux-x86_64 0.1.2 4.06 55.55 59.61 NOTE
r-release-macos-arm64 0.1.2 24.00 NOTE
r-release-macos-x86_64 0.1.2 32.00 NOTE
r-release-windows-x86_64 0.1.2 29.00 87.00 116.00 NOTE
r-oldrel-macos-arm64 0.1.2 28.00 NOTE
r-oldrel-macos-x86_64 0.1.2 44.00 NOTE
r-oldrel-windows-ix86+x86_64 0.1.2 11.00 82.00 93.00 NOTE

Check Details

Version: 0.1.2
Check: LazyData
Result: NOTE
     'LazyData' is specified without a 'data' directory
Flavors: r-devel-linux-x86_64-debian-clang, r-devel-linux-x86_64-debian-gcc, r-devel-linux-x86_64-fedora-clang, r-devel-linux-x86_64-fedora-gcc, r-patched-linux-x86_64, r-release-linux-x86_64, r-release-macos-arm64, r-release-macos-x86_64, r-release-windows-x86_64, r-oldrel-macos-arm64, r-oldrel-macos-x86_64, r-oldrel-windows-ix86+x86_64