CRAN Package Check Results for Package rr2

Last updated on 2022-01-17 06:53:28 CET.

Flavor Version Tinstall Tcheck Ttotal Status Flags
r-devel-linux-x86_64-debian-clang 1.0.2 8.45 103.60 112.05 NOTE
r-devel-linux-x86_64-debian-gcc 1.0.2 7.88 78.15 86.03 NOTE
r-devel-linux-x86_64-fedora-clang 1.0.2 134.65 NOTE
r-devel-linux-x86_64-fedora-gcc 1.0.2 123.63 NOTE
r-devel-windows-x86_64-new-UL 1.0.2 33.00 119.00 152.00 NOTE
r-devel-windows-x86_64-new-TK 1.0.2 ERROR
r-patched-linux-x86_64 1.0.2 11.00 98.71 109.71 NOTE
r-release-linux-x86_64 1.0.2 NOTE
r-release-macos-arm64 1.0.2 NOTE
r-release-macos-x86_64 1.0.2 NOTE
r-release-windows-ix86+x86_64 1.0.2 22.00 116.00 138.00 NOTE
r-oldrel-macos-x86_64 1.0.2 OK
r-oldrel-windows-ix86+x86_64 1.0.2 22.00 115.00 137.00 OK

Check Details

Version: 1.0.2
Check: LazyData
Result: NOTE
     'LazyData' is specified without a 'data' directory
Flavors: r-devel-linux-x86_64-debian-clang, r-devel-linux-x86_64-debian-gcc, r-devel-linux-x86_64-fedora-clang, r-devel-linux-x86_64-fedora-gcc, r-devel-windows-x86_64-new-UL, r-patched-linux-x86_64, r-release-linux-x86_64, r-release-macos-arm64, r-release-macos-x86_64, r-release-windows-ix86+x86_64

Version: 1.0.2
Check: package dependencies
Result: ERROR
    Package required but not available: 'lme4'
    
    See section 'The DESCRIPTION file' in the 'Writing R Extensions'
    manual.
Flavor: r-devel-windows-x86_64-new-TK