CRAN Package Check Results for Package rrscale

Last updated on 2020-11-27 06:46:57 CET.

Flavor Version Tinstall Tcheck Ttotal Status Flags
r-devel-linux-x86_64-debian-clang 1.0 3.32 48.74 52.06 OK
r-devel-linux-x86_64-debian-gcc 1.0 2.47 33.41 35.88 OK
r-devel-linux-x86_64-fedora-clang 1.0 61.29 NOTE
r-devel-linux-x86_64-fedora-gcc 1.0 54.04 NOTE
r-devel-windows-ix86+x86_64 1.0 9.00 41.00 50.00 OK
r-patched-linux-x86_64 1.0 3.16 49.18 52.34 OK
r-patched-solaris-x86 1.0 80.50 NOTE
r-release-linux-x86_64 1.0 3.24 50.77 54.01 OK
r-release-macos-x86_64 1.0 NOTE
r-release-windows-ix86+x86_64 1.0 6.00 47.00 53.00 OK
r-oldrel-macos-x86_64 1.0 NOTE
r-oldrel-windows-ix86+x86_64 1.0 5.00 60.00 65.00 OK

Check Details

Version: 1.0
Check: dependencies in R code
Result: NOTE
    Namespace in Imports field not imported from: ‘abind’
     All declared Imports should be used.
Flavors: r-devel-linux-x86_64-fedora-clang, r-devel-linux-x86_64-fedora-gcc, r-patched-solaris-x86, r-release-macos-x86_64, r-oldrel-macos-x86_64