Last updated on 2023-02-02 06:55:05 CET.
Flavor | Version | Tinstall | Tcheck | Ttotal | Status | Flags |
---|---|---|---|---|---|---|
r-devel-linux-x86_64-debian-clang | 0.2.0 | 31.41 | 30.40 | 61.81 | NOTE | |
r-devel-linux-x86_64-debian-gcc | 0.2.0 | 25.14 | 23.29 | 48.43 | NOTE | |
r-devel-linux-x86_64-fedora-clang | 0.2.0 | 93.17 | NOTE | |||
r-devel-linux-x86_64-fedora-gcc | 0.2.0 | 87.82 | NOTE | |||
r-patched-linux-x86_64 | 0.2.0 | 33.06 | 29.37 | 62.43 | OK | |
r-release-linux-x86_64 | 0.2.0 | 33.77 | 29.37 | 63.14 | OK | |
r-release-macos-arm64 | 0.2.0 | 27.00 | OK | |||
r-release-macos-x86_64 | 0.2.0 | 37.00 | OK | |||
r-release-windows-x86_64 | 0.2.0 | 38.00 | 86.00 | 124.00 | OK | |
r-oldrel-macos-arm64 | 0.2.0 | 30.00 | OK | |||
r-oldrel-macos-x86_64 | 0.2.0 | 49.00 | OK | |||
r-oldrel-windows-ix86+x86_64 | 0.2.0 | 87.00 | 78.00 | 165.00 | OK |
Version: 0.2.0
Check: C++ specification
Result: NOTE
Specified C++11: please update to current default of C++17
Flavors: r-devel-linux-x86_64-debian-clang, r-devel-linux-x86_64-debian-gcc, r-devel-linux-x86_64-fedora-clang, r-devel-linux-x86_64-fedora-gcc