Last updated on 2021-01-28 06:50:05 CET.
Flavor | Version | Tinstall | Tcheck | Ttotal | Status | Flags |
---|---|---|---|---|---|---|
r-devel-linux-x86_64-debian-clang | 0.0.8 | 8.15 | 182.83 | 190.98 | OK | |
r-devel-linux-x86_64-debian-gcc | 0.0.8 | 6.03 | 130.89 | 136.92 | OK | |
r-devel-linux-x86_64-fedora-clang | 0.0.8 | 222.65 | NOTE | |||
r-devel-linux-x86_64-fedora-gcc | 0.0.8 | 217.67 | NOTE | |||
r-devel-windows-ix86+x86_64 | 0.0.8 | 17.00 | 196.00 | 213.00 | OK | |
r-patched-linux-x86_64 | 0.0.8 | 7.74 | 175.29 | 183.03 | OK | |
r-patched-solaris-x86 | 0.0.8 | 282.10 | NOTE | |||
r-release-linux-x86_64 | 0.0.8 | 5.97 | 173.48 | 179.45 | OK | |
r-release-macos-x86_64 | 0.0.8 | NOTE | ||||
r-release-windows-ix86+x86_64 | 0.0.8 | 16.00 | 221.00 | 237.00 | OK | |
r-oldrel-macos-x86_64 | 0.0.8 | NOTE | ||||
r-oldrel-windows-ix86+x86_64 | 0.0.8 | 25.00 | 222.00 | 247.00 | OK |
Version: 0.0.8
Check: dependencies in R code
Result: NOTE
Namespace in Imports field not imported from: ‘modeldata’
All declared Imports should be used.
Flavors: r-devel-linux-x86_64-fedora-clang, r-devel-linux-x86_64-fedora-gcc, r-patched-solaris-x86, r-release-macos-x86_64, r-oldrel-macos-x86_64