CRAN Package Check Results for Package rsbp

Last updated on 2022-08-13 07:11:45 CEST.

Flavor Version Tinstall Tcheck Ttotal Status Flags
r-devel-linux-x86_64-debian-clang 0.1.0 4.10 36.86 40.96 NOTE
r-devel-linux-x86_64-debian-gcc 0.1.0 2.69 27.96 30.65 NOTE
r-devel-linux-x86_64-fedora-clang 0.1.0 59.73 NOTE
r-devel-linux-x86_64-fedora-gcc 0.1.0 57.16 NOTE
r-devel-windows-x86_64 0.1.0 7.00 60.00 67.00 NOTE
r-patched-linux-x86_64 0.1.0 3.45 35.34 38.79 NOTE
r-release-linux-x86_64 0.1.0 2.82 35.71 38.53 NOTE
r-release-macos-arm64 0.1.0 20.00 NOTE
r-release-macos-x86_64 0.1.0 33.00 NOTE
r-release-windows-x86_64 0.1.0 10.00 63.00 73.00 NOTE
r-oldrel-macos-arm64 0.1.0 24.00 NOTE
r-oldrel-macos-x86_64 0.1.0 25.00 NOTE
r-oldrel-windows-ix86+x86_64 0.1.0 10.00 52.00 62.00 NOTE

Check Details

Version: 0.1.0
Check: LazyData
Result: NOTE
     'LazyData' is specified without a 'data' directory
Flavors: r-devel-linux-x86_64-debian-clang, r-devel-linux-x86_64-debian-gcc, r-devel-linux-x86_64-fedora-clang, r-devel-linux-x86_64-fedora-gcc, r-devel-windows-x86_64, r-patched-linux-x86_64, r-release-linux-x86_64, r-release-macos-arm64, r-release-macos-x86_64, r-release-windows-x86_64, r-oldrel-macos-arm64, r-oldrel-macos-x86_64, r-oldrel-windows-ix86+x86_64

Version: 0.1.0
Check: dependencies in R code
Result: NOTE
    Namespaces in Imports field not imported from:
     ‘dplyr’ ‘lubridate’ ‘reshape2’ ‘tidyr’
     All declared Imports should be used.
Flavors: r-devel-linux-x86_64-fedora-clang, r-devel-linux-x86_64-fedora-gcc, r-release-macos-arm64, r-release-macos-x86_64, r-oldrel-macos-arm64, r-oldrel-macos-x86_64