CRAN Package Check Results for Package rscala

Last updated on 2020-10-20 06:46:56 CEST.

Flavor Version Tinstall Tcheck Ttotal Status Flags
r-devel-linux-x86_64-debian-clang 3.2.19 19.81 142.92 162.73 OK
r-devel-linux-x86_64-debian-gcc 3.2.19 17.81 111.24 129.05 OK
r-devel-linux-x86_64-fedora-clang 3.2.19 185.41 OK
r-devel-linux-x86_64-fedora-gcc 3.2.19 172.24 OK
r-devel-windows-ix86+x86_64 3.2.19 15.00 48.00 63.00 OK
r-patched-linux-x86_64 3.2.19 19.32 138.79 158.11 OK
r-release-linux-x86_64 3.2.19 19.73 138.67 158.40 OK
r-release-macos-x86_64 3.2.19 NOTE
r-release-windows-ix86+x86_64 3.2.19 14.00 211.00 225.00 OK
r-oldrel-macos-x86_64 3.2.19 NOTE
r-oldrel-windows-ix86+x86_64 3.2.19 12.00 245.00 257.00 OK

Check Details

Version: 3.2.19
Check: installed package size
Result: NOTE
     installed size is 21.4Mb
     sub-directories of 1Mb or more:
     dependencies 20.2Mb
Flavors: r-release-macos-x86_64, r-oldrel-macos-x86_64