Last updated on 2023-09-24 07:55:20 CEST.
Flavor | Version | Tinstall | Tcheck | Ttotal | Status | Flags |
---|---|---|---|---|---|---|
r-devel-linux-x86_64-debian-clang | 2.26.23 | 259.94 | 807.98 | 1067.92 | NOTE | |
r-devel-linux-x86_64-debian-gcc | 2.26.23 | 203.91 | 618.21 | 822.12 | NOTE | |
r-devel-linux-x86_64-fedora-clang | 2.26.23 | 1243.90 | NOTE | |||
r-devel-linux-x86_64-fedora-gcc | 2.26.23 | 970.20 | NOTE | |||
r-devel-windows-x86_64 | 2.26.23 | 220.00 | 599.00 | 819.00 | NOTE | |
r-patched-linux-x86_64 | 2.26.23 | 275.85 | 885.41 | 1161.26 | NOTE | |
r-release-linux-x86_64 | 2.26.23 | 268.06 | 851.95 | 1120.01 | NOTE | |
r-release-macos-arm64 | 2.26.23 | 412.00 | NOTE | |||
r-release-macos-x86_64 | 2.26.23 | 627.00 | NOTE | |||
r-release-windows-x86_64 | 2.26.23 | 282.00 | 750.00 | 1032.00 | NOTE | |
r-oldrel-macos-arm64 | 2.26.23 | 269.00 | NOTE | |||
r-oldrel-macos-x86_64 | 2.26.23 | 394.00 | NOTE | |||
r-oldrel-windows-x86_64 | 2.26.23 | 270.00 | 719.00 | 989.00 | NOTE |
Version: 2.26.23
Check: for GNU extensions in Makefiles
Result: NOTE
GNU make is a SystemRequirements.
Flavors: r-devel-linux-x86_64-debian-clang, r-devel-linux-x86_64-debian-gcc, r-devel-linux-x86_64-fedora-clang, r-devel-linux-x86_64-fedora-gcc, r-devel-windows-x86_64, r-patched-linux-x86_64, r-release-linux-x86_64, r-release-macos-arm64, r-release-macos-x86_64, r-release-windows-x86_64, r-oldrel-macos-arm64, r-oldrel-macos-x86_64, r-oldrel-windows-x86_64
Version: 2.26.23
Check: installed package size
Result: NOTE
installed size is 6.5Mb
sub-directories of 1Mb or more:
exec 1.7Mb
lib 2.2Mb
Flavors: r-devel-linux-x86_64-fedora-clang, r-devel-windows-x86_64, r-release-macos-arm64, r-release-macos-x86_64, r-release-windows-x86_64, r-oldrel-macos-arm64, r-oldrel-macos-x86_64, r-oldrel-windows-x86_64