Last updated on 2023-02-02 06:55:05 CET.
Flavor | Version | Tinstall | Tcheck | Ttotal | Status | Flags |
---|---|---|---|---|---|---|
r-devel-linux-x86_64-debian-clang | 2.21.8 | 494.52 | 444.46 | 938.98 | NOTE | |
r-devel-linux-x86_64-debian-gcc | 2.21.8 | 841.36 | 379.23 | 1220.59 | NOTE | |
r-devel-linux-x86_64-fedora-clang | 2.21.8 | 1188.76 | NOTE | |||
r-devel-linux-x86_64-fedora-gcc | 2.21.8 | 2153.92 | NOTE | |||
r-patched-linux-x86_64 | 2.21.8 | 629.42 | 465.85 | 1095.27 | NOTE | |
r-release-linux-x86_64 | 2.21.8 | 613.57 | 392.18 | 1005.75 | NOTE | |
r-release-macos-arm64 | 2.21.8 | 274.00 | NOTE | |||
r-release-macos-x86_64 | 2.21.8 | 427.00 | NOTE | |||
r-release-windows-x86_64 | 2.21.8 | 1132.00 | 568.00 | 1700.00 | NOTE | |
r-oldrel-macos-arm64 | 2.21.8 | 240.00 | NOTE | |||
r-oldrel-macos-x86_64 | 2.21.8 | 448.00 | NOTE | |||
r-oldrel-windows-ix86+x86_64 | 2.21.8 | 188.00 | 17.00 | 205.00 | ERROR |
Version: 2.21.8
Check: C++ specification
Result: NOTE
Specified C++14: please update to current default of C++17
Flavors: r-devel-linux-x86_64-debian-clang, r-devel-linux-x86_64-debian-gcc, r-devel-linux-x86_64-fedora-clang, r-devel-linux-x86_64-fedora-gcc
Version: 2.21.8
Check: for GNU extensions in Makefiles
Result: NOTE
GNU make is a SystemRequirements.
Flavors: r-devel-linux-x86_64-debian-clang, r-devel-linux-x86_64-debian-gcc, r-devel-linux-x86_64-fedora-clang, r-devel-linux-x86_64-fedora-gcc, r-patched-linux-x86_64, r-release-linux-x86_64, r-release-macos-arm64, r-release-macos-x86_64, r-release-windows-x86_64, r-oldrel-macos-arm64, r-oldrel-macos-x86_64
Version: 2.21.8
Check: installed package size
Result: NOTE
installed size is 12.4Mb
sub-directories of 1Mb or more:
lib 2.2Mb
libs 7.4Mb
Flavors: r-devel-linux-x86_64-fedora-clang, r-release-macos-arm64, r-release-macos-x86_64, r-release-windows-x86_64, r-oldrel-macos-arm64, r-oldrel-macos-x86_64
Version: 2.21.8
Check: Rd cross-references
Result: NOTE
Undeclared packages ‘coda’, ‘rstanarm’ in Rd xrefs
Flavor: r-devel-linux-x86_64-fedora-clang
Version: 2.21.8
Check: whether package can be installed
Result: ERROR
Installation failed.
Flavor: r-oldrel-windows-ix86+x86_64