CRAN Package Check Results for Package rstanarm

Last updated on 2020-12-01 06:50:14 CET.

Flavor Version Tinstall Tcheck Ttotal Status Flags
r-devel-linux-x86_64-debian-clang 2.21.1 2240.10 559.98 2800.08 NOTE
r-devel-linux-x86_64-debian-gcc 2.21.1 1024.12 449.91 1474.03 NOTE
r-devel-linux-x86_64-fedora-clang 2.21.1 2473.50 NOTE
r-devel-linux-x86_64-fedora-gcc 2.21.1 1839.58 NOTE
r-devel-windows-ix86+x86_64 2.21.1 2635.00 306.00 2941.00 NOTE --no-examples --no-tests --no-vignettes
r-patched-linux-x86_64 2.21.1 1802.56 691.27 2493.83 NOTE
r-patched-solaris-x86 2.21.1 2383.80 NOTE
r-release-linux-x86_64 2.21.1 1029.24 574.53 1603.77 NOTE
r-release-macos-x86_64 2.21.1 NOTE
r-release-windows-ix86+x86_64 2.21.1 1960.00 299.00 2259.00 NOTE --no-examples --no-tests --no-vignettes
r-oldrel-macos-x86_64 2.21.1 FAIL
r-oldrel-windows-ix86+x86_64 2.21.1 2376.00 354.00 2730.00 NOTE --no-examples --no-tests --no-vignettes

Check Details

Version: 2.21.1
Check: for GNU extensions in Makefiles
Result: NOTE
    GNU make is a SystemRequirements.
Flavors: r-devel-linux-x86_64-debian-clang, r-devel-linux-x86_64-debian-gcc, r-devel-linux-x86_64-fedora-clang, r-devel-linux-x86_64-fedora-gcc, r-patched-linux-x86_64, r-patched-solaris-x86, r-release-linux-x86_64, r-release-macos-x86_64, r-oldrel-macos-x86_64

Version: 2.21.1
Check: installed package size
Result: NOTE
     installed size is 247.7Mb
     sub-directories of 1Mb or more:
     R 1.6Mb
     doc 4.5Mb
     libs 240.9Mb
Flavors: r-devel-linux-x86_64-fedora-clang, r-patched-solaris-x86, r-release-macos-x86_64, r-oldrel-macos-x86_64

Version: 2.21.1
Check: dependencies in R code
Result: NOTE
    Namespace in Imports field not imported from: ‘RcppParallel’
     All declared Imports should be used.
Flavors: r-devel-linux-x86_64-fedora-clang, r-devel-linux-x86_64-fedora-gcc, r-patched-solaris-x86, r-release-macos-x86_64, r-oldrel-macos-x86_64

Version: 2.21.1
Check: Rd cross-references
Result: NOTE
    Undeclared packages ‘gamm4’, ‘shiny’, ‘biglm’ in Rd xrefs
Flavor: r-devel-linux-x86_64-fedora-clang

Version: 2.21.1
Flags: --no-examples --no-tests --no-vignettes
Check: installed package size
Result: NOTE
     installed size is 24.7Mb
     sub-directories of 1Mb or more:
     R 1.6Mb
     doc 4.5Mb
     libs 18.0Mb
Flavors: r-devel-windows-ix86+x86_64, r-release-windows-ix86+x86_64, r-oldrel-windows-ix86+x86_64

Version: 2.21.1
Flags: --no-examples --no-tests --no-vignettes
Check: for GNU extensions in Makefiles
Result: NOTE
    GNU make is a SystemRequirements.
Flavors: r-devel-windows-ix86+x86_64, r-release-windows-ix86+x86_64, r-oldrel-windows-ix86+x86_64

Version: 2.21.1
Check: examples
Result: ERROR
    Running examples in ‘rstanarm-Ex.R’ failed
    The error most likely occurred in:
    
    > ### Name: example_jm
    > ### Title: Example joint longitudinal and time-to-event model
    > ### Aliases: example_jm
    >
    > ### ** Examples
    >
    > # set.seed(123)
    > if (.Platform$OS.type != "windows" || .Platform$r_arch !="i386")
    + example_jm <-
    + stan_jm(formulaLong = logBili ~ year + (1 | id),
    + dataLong = pbcLong[1:101,],
    + formulaEvent = survival::Surv(futimeYears, death) ~ sex + trt,
    + dataEvent = pbcSurv[1:15,],
    + time_var = "year",
    + # this next line is only to keep the example small in size!
    + chains = 1, seed = 12345, iter = 100, refresh = 0)
    Loading required namespace: data.table
    Fitting a univariate joint model.
    
    Please note the warmup may be much slower than later iterations!
    [1] "Error in sampler$call_sampler(args_list[[i]]) : "
    [2] " empty_nested() must be true before calling recover_memory()"
    error occurred during calling the sampler; sampling not done
    Error in check_stanfit(stanfit) :
     Invalid stanfit object produced please report bug
    Calls: stan_jm -> stan_jm.fit -> check_stanfit
    Execution halted
Flavor: r-oldrel-macos-x86_64

Version: 2.21.1
Check: tests
Result: ERROR
     Running ‘testthat.R’ [12s/12s]
    Running the tests in ‘tests/testthat.R’ failed.
    Last 13 lines of output:
     + filter = if (Sys.getenv("NOT_CRAN") != "true") "stan_functions")
    
     ── ERROR (test_stan_functions.R:70:1): (code run outside of `test_that()`) ─────
     Error: invalid connection
     Backtrace:
     █
     1. └─rstan::expose_stan_functions(stanc_ret, rebuild = TRUE, verbose = TRUE) test_stan_functions.R:70:0
     2. └─base::sink(type = "output") test_stan_functions.R:70:0
    
     ══ testthat results ═══════════════════════════════════════════════════════════
     ERROR (test_stan_functions.R:70:1): (code run outside of `test_that()`)
    
     [ FAIL 1 | WARN 0 | SKIP 0 | PASS 1 ]
     Error: Test failures
     Execution halted
Flavor: r-oldrel-macos-x86_64

Version: 2.21.1
Check: for unstated dependencies in vignettes
Result: FAIL
Flavor: r-oldrel-macos-x86_64