Last updated on 2025-01-20 07:48:34 CET.
Flavor | Version | Tinstall | Tcheck | Ttotal | Status | Flags |
---|---|---|---|---|---|---|
r-devel-linux-x86_64-debian-clang | 0.0.3 | 510.87 | 185.14 | 696.01 | OK | |
r-devel-linux-x86_64-debian-gcc | 0.0.3 | 482.65 | 178.01 | 660.66 | OK | |
r-devel-linux-x86_64-fedora-clang | 0.0.3 | 1173.83 | OK | |||
r-devel-linux-x86_64-fedora-gcc | 0.0.3 | 1307.92 | OK | |||
r-devel-windows-x86_64 | 0.0.3 | 504.00 | 230.00 | 734.00 | OK | |
r-patched-linux-x86_64 | 0.0.3 | 576.33 | 229.53 | 805.86 | NOTE | |
r-release-linux-x86_64 | 0.0.3 | 639.04 | 229.49 | 868.53 | NOTE | |
r-release-macos-arm64 | 0.0.3 | 273.00 | NOTE | |||
r-release-macos-x86_64 | 0.0.3 | 534.00 | NOTE | |||
r-release-windows-x86_64 | 0.0.3 | 485.00 | 227.00 | 712.00 | NOTE | |
r-oldrel-macos-arm64 | 0.0.3 | 305.00 | NOTE | |||
r-oldrel-macos-x86_64 | 0.0.3 | 339.00 | NOTE | |||
r-oldrel-windows-x86_64 | 0.0.3 | 653.00 | 283.00 | 936.00 | NOTE |
Version: 0.0.3
Check: for GNU extensions in Makefiles
Result: NOTE
GNU make is a SystemRequirements.
Flavors: r-patched-linux-x86_64, r-release-linux-x86_64, r-release-macos-arm64, r-release-macos-x86_64, r-release-windows-x86_64, r-oldrel-macos-arm64, r-oldrel-macos-x86_64, r-oldrel-windows-x86_64
Version: 0.0.3
Check: installed package size
Result: NOTE
installed size is 94.9Mb
sub-directories of 1Mb or more:
libs 94.6Mb
Flavors: r-release-macos-arm64, r-release-macos-x86_64, r-oldrel-macos-arm64, r-oldrel-macos-x86_64