CRAN Package Check Results for Package rstantools

Last updated on 2020-11-29 06:46:46 CET.

Flavor Version Tinstall Tcheck Ttotal Status Flags
r-devel-linux-x86_64-debian-clang 2.1.1 3.35 39.98 43.33 OK
r-devel-linux-x86_64-debian-gcc 2.1.1 2.57 34.30 36.87 OK
r-devel-linux-x86_64-fedora-clang 2.1.1 57.39 NOTE
r-devel-linux-x86_64-fedora-gcc 2.1.1 48.90 NOTE
r-devel-windows-ix86+x86_64 2.1.1 6.00 46.00 52.00 OK
r-patched-linux-x86_64 2.1.1 3.90 40.01 43.91 OK
r-patched-solaris-x86 2.1.1 70.40 NOTE
r-release-linux-x86_64 2.1.1 3.52 42.89 46.41 OK
r-release-macos-x86_64 2.1.1 NOTE
r-release-windows-ix86+x86_64 2.1.1 7.00 47.00 54.00 OK
r-oldrel-macos-x86_64 2.1.1 NOTE
r-oldrel-windows-ix86+x86_64 2.1.1 5.00 58.00 63.00 OK

Check Details

Version: 2.1.1
Check: dependencies in R code
Result: NOTE
    Namespace in Imports field not imported from: ‘RcppParallel’
     All declared Imports should be used.
Flavors: r-devel-linux-x86_64-fedora-clang, r-devel-linux-x86_64-fedora-gcc, r-patched-solaris-x86, r-release-macos-x86_64, r-oldrel-macos-x86_64