CRAN Package Check Results for Package rstpm2

Last updated on 2021-06-13 06:50:02 CEST.

Flavor Version Tinstall Tcheck Ttotal Status Flags
r-devel-linux-x86_64-debian-clang 1.5.2 189.68 186.50 376.18 OK
r-devel-linux-x86_64-debian-gcc 1.5.2 128.76 143.26 272.02 OK
r-devel-linux-x86_64-fedora-clang 1.5.2 500.43 NOTE
r-devel-linux-x86_64-fedora-gcc 1.5.2 469.72 OK
r-devel-windows-x86_64 1.5.2 220.00 245.00 465.00 OK
r-devel-windows-x86_64-gcc10-UCRT 1.5.2 OK
r-patched-linux-x86_64 1.5.2 151.19 183.90 335.09 OK
r-patched-solaris-x86 1.5.2 510.60 OK
r-release-linux-x86_64 1.5.2 161.21 184.41 345.62 OK
r-release-macos-arm64 1.5.2 NOTE
r-release-macos-x86_64 1.5.2 NOTE
r-release-windows-ix86+x86_64 1.5.2 325.00 321.00 646.00 NOTE
r-oldrel-macos-x86_64 1.5.2 NOTE
r-oldrel-windows-ix86+x86_64 1.5.2 299.00 325.00 624.00 NOTE

Check Details

Version: 1.5.2
Check: installed package size
Result: NOTE
     installed size is 15.8Mb
     sub-directories of 1Mb or more:
     libs 13.3Mb
Flavors: r-devel-linux-x86_64-fedora-clang, r-release-macos-arm64, r-release-macos-x86_64, r-release-windows-ix86+x86_64, r-oldrel-macos-x86_64, r-oldrel-windows-ix86+x86_64

Version: 1.5.2
Check: Rd cross-references
Result: NOTE
    Undeclared package ‘flexsurv’ in Rd xrefs
Flavor: r-devel-linux-x86_64-fedora-clang