CRAN Package Check Results for Package rtematres

Last updated on 2022-07-02 07:07:09 CEST.

Flavor Version Tinstall Tcheck Ttotal Status Flags
r-devel-linux-x86_64-debian-clang 0.2 3.39 42.25 45.64 OK
r-devel-linux-x86_64-debian-gcc 0.2 3.89 32.18 36.07 OK
r-devel-linux-x86_64-fedora-clang 0.2 64.94 WARN
r-devel-linux-x86_64-fedora-gcc 0.2 66.17 WARN
r-devel-windows-x86_64 0.2 16.00 66.00 82.00 OK
r-patched-linux-x86_64 0.2 4.98 40.21 45.19 OK
r-release-linux-x86_64 0.2 4.96 39.95 44.91 OK
r-release-macos-arm64 0.2 20.00 OK
r-release-macos-x86_64 0.2 28.00 OK
r-release-windows-x86_64 0.2 11.00 66.00 77.00 OK
r-oldrel-macos-arm64 0.2 26.00 OK
r-oldrel-macos-x86_64 0.2 33.00 OK
r-oldrel-windows-ix86+x86_64 0.2 11.00 61.00 72.00 OK

Check Details

Version: 0.2
Check: package dependencies
Result: WARN
    Requires (indirectly) orphaned package: ‘gtools’
Flavors: r-devel-linux-x86_64-fedora-clang, r-devel-linux-x86_64-fedora-gcc