CRAN Package Check Results for Package rticles

Last updated on 2022-09-26 06:51:22 CEST.

Flavor Version Tinstall Tcheck Ttotal Status Flags
r-devel-linux-x86_64-debian-clang 0.24 4.83 39.24 44.07 NOTE
r-devel-linux-x86_64-debian-gcc 0.24 3.27 30.84 34.11 NOTE
r-devel-linux-x86_64-fedora-clang 0.24 68.50 NOTE
r-devel-linux-x86_64-fedora-gcc 0.24 62.24 NOTE
r-devel-windows-x86_64 0.24 200.00 73.00 273.00 NOTE
r-patched-linux-x86_64 0.24 4.56 37.97 42.53 NOTE
r-release-linux-x86_64 0.24 4.77 37.47 42.24 NOTE
r-release-macos-arm64 0.24 23.00 NOTE
r-release-macos-x86_64 0.24 30.00 NOTE
r-release-windows-x86_64 0.24 258.00 74.00 332.00 NOTE
r-oldrel-macos-arm64 0.24 26.00 NOTE
r-oldrel-macos-x86_64 0.24 36.00 NOTE
r-oldrel-windows-ix86+x86_64 0.24 14.00 61.00 75.00 NOTE

Check Details

Version: 0.24
Check: for GNU extensions in Makefiles
Result: NOTE
    GNU make is a SystemRequirements.
Flavors: r-devel-linux-x86_64-debian-clang, r-devel-linux-x86_64-debian-gcc, r-devel-linux-x86_64-fedora-clang, r-devel-linux-x86_64-fedora-gcc, r-devel-windows-x86_64, r-patched-linux-x86_64, r-release-linux-x86_64, r-release-macos-arm64, r-release-macos-x86_64, r-release-windows-x86_64, r-oldrel-macos-arm64, r-oldrel-macos-x86_64, r-oldrel-windows-ix86+x86_64

Version: 0.24
Check: installed package size
Result: NOTE
     installed size is 7.5Mb
     sub-directories of 1Mb or more:
     rmarkdown 7.3Mb
Flavors: r-devel-linux-x86_64-fedora-clang, r-devel-windows-x86_64, r-release-macos-arm64, r-release-macos-x86_64, r-release-windows-x86_64, r-oldrel-macos-arm64, r-oldrel-macos-x86_64, r-oldrel-windows-ix86+x86_64