CRAN Package Check Results for Package rtimicropem

Last updated on 2021-01-20 06:47:00 CET.

Flavor Version Tinstall Tcheck Ttotal Status Flags
r-devel-linux-x86_64-debian-clang 1.4.0 6.96 77.16 84.12 OK
r-devel-linux-x86_64-debian-gcc 1.4.0 5.66 58.23 63.89 OK
r-devel-linux-x86_64-fedora-clang 1.4.0 109.43 NOTE
r-devel-linux-x86_64-fedora-gcc 1.4.0 98.23 NOTE
r-devel-windows-ix86+x86_64 1.4.0 11.00 80.00 91.00 OK
r-patched-linux-x86_64 1.4.0 7.39 73.66 81.05 OK
r-patched-solaris-x86 1.4.0 131.30 NOTE
r-release-linux-x86_64 1.4.0 7.32 73.49 80.81 OK
r-release-macos-x86_64 1.4.0 NOTE
r-release-windows-ix86+x86_64 1.4.0 12.00 77.00 89.00 OK
r-oldrel-macos-x86_64 1.4.0 NOTE
r-oldrel-windows-ix86+x86_64 1.4.0 8.00 67.00 75.00 OK

Check Details

Version: 1.4.0
Check: dependencies in R code
Result: NOTE
    Namespace in Imports field not imported from: ‘R6’
     All declared Imports should be used.
Flavors: r-devel-linux-x86_64-fedora-clang, r-devel-linux-x86_64-fedora-gcc, r-patched-solaris-x86, r-release-macos-x86_64, r-oldrel-macos-x86_64